{"id":1050,"date":"2023-08-17T12:08:19","date_gmt":"2023-08-17T12:08:19","guid":{"rendered":"https:\/\/www.energiepark.at\/clear-climate-change-adaptation-region\/"},"modified":"2024-02-15T10:24:08","modified_gmt":"2024-02-15T10:24:08","slug":"clear-climate-change-adaptation-region","status":"publish","type":"page","link":"https:\/\/www.energiepark.at\/en\/clear-climate-change-adaptation-region\/","title":{"rendered":"CLEAR! (Climate Change Adaptation Region)"},"content":{"rendered":"<section class=\"wpb-content-wrapper\"><p>[vc_row css=&#8221;.vc_custom_1692710210443{background-image: url(https:\/\/www.energiepark.at\/wp-content\/uploads\/2023\/08\/AK_7695.jpg?id=338) !important;background-position: center !important;background-repeat: no-repeat !important;background-size: cover !important;}&#8221; el_class=&#8221;headerbildbereich&#8221;][vc_column align=&#8221;text-center&#8221; el_class=&#8221;headerbereich&#8221;][vc_empty_space height=&#8221;300px&#8221;][vc_column_text el_class=&#8221;headlinerindex&#8221;]<\/p>\n<h1>In the region<br \/>\non the way.<\/h1>\n<p>[\/vc_column_text][vc_column_text el_class=&#8221;schmuck&#8221; css=&#8221;.vc_custom_1692711176162{margin-top: -130px !important;}&#8221;]<\/p>\n<p style=\"text-align: center;\"><span style=\"color: #f29400;\"><span style=\"caret-color: #f29400;\">CLAR<\/span><\/span><\/p>\n<p>[\/vc_column_text][vc_single_image image=&#8221;252&#8243; img_size=&#8221;full&#8221; alignment=&#8221;right&#8221; el_class=&#8221;svgtopper&#8221;][vc_empty_space height=&#8221;150px&#8221;][\/vc_column][\/vc_row][vc_row gap=&#8221;30&#8243;][vc_column width=&#8221;2\/3&#8243; css=&#8221;.vc_custom_1696311083068{margin-left: -20px !important;padding-left: 20px !important;}&#8221; el_class=&#8221;schmuckmobiltwo&#8221;][vc_empty_space height=&#8221;120px&#8221;][vc_column_text el_class=&#8221;headlinerindex&#8221;]<\/p>\n<h1>In the region<br \/>\non the way.<\/h1>\n<p>[\/vc_column_text][vc_column_text el_class=&#8221;schmuck&#8221; css=&#8221;.vc_custom_1692710969514{margin-top: -280px !important;margin-left: -240px !important;}&#8221;]<\/p>\n<p style=\"text-align: center;\"><span style=\"color: #f29400;\"><span style=\"caret-color: #f29400;\">With good<br \/>\nConscience<\/span><\/span><\/p>\n<p>[\/vc_column_text][vc_empty_space height=&#8221;40px&#8221;][vc_column_text]In einer <strong>KLAR!,<\/strong> einer Klimawandelanpassungsmodellregion, geht es darum, Ma\u00dfnahmen zu erarbeiten und gemeinsam mit der Bev\u00f6lkerung zu planen um dem Klimawandel die Stirn zu bieten. Hier sollen Projekte zu mehr Begr\u00fcnung in den Orten, Bodenentsiegelung und Schaffung von Schattenpl\u00e4tzen umgesetzt werden. Denn, gerade in Ost\u00f6sterreich sind die Anzeichen des Klimawandels bereits seit einigen Jahren sp\u00fcrbar.<\/p>\n<p>Mit der Betreuung von zwei KLAR!-Regionen unter dem Dach des Energieparks wollen wir Gemeinden in unserer Region unterst\u00fctzen, sich auf den Klimawandel vorzubereiten und Anpassungsma\u00dfnahmen umzusetzen.<\/p>\n<p>Die <strong>KLAR! Am Leithaberge<\/strong> umfasst die Orte Au am Leithaberge, G\u00f6tzendorf an der Leitha, Hof am Leithaberge, Mannersdorf am Leitagebirge und Trautmannsdorf an der Leitha. Betreut wird sie von Julia J\u00fcly, die ihre langj\u00e4hrige und umfassende Erfahrung als Energieberaterin im Energiepark einbringt. Das gro\u00dfe Ziel ist die Erhaltung der Lebensqualit\u00e4t f\u00fcr die Bev\u00f6lkerung. Gute Klimawandelanpassungsma\u00dfnahmen sind gleichzeitig auch ein aktiver Beitrag zum Klimaschutz mit Co-Benefits f\u00fcr die Bev\u00f6lkerung. &#8220;Engagiert, mutig, voller Tatendrang \u2013 los geht\u2018s&#8221;. Unter diesem Motto sollen Ideen in der KLAR! Am Leithaberge angegangen werden.<\/p>\n<p>In der <strong>KLAR! Lanzendorf+<\/strong> betreut Sonja Wirgler die drei Gemeinden Lanzendorf, Maria Lanzendorf und Zw\u00f6lfaxing. In dem Bewusstsein, dass der Klimawandel nicht an der Gemeindegrenze Halt macht, sind sich die Akteur:innen dar\u00fcber im Klaren, dass Zusammenarbeit einen Mehrwert schafft und bekennen sich daher klar, die Anpassungsma\u00dfnahmen gemeinsam umzusetzen. \u201eKleine Fl\u00e4che, gro\u00dfe Wirkung\u201c ist das Motto der KLAR!-Region. Umgeben von gro\u00dfen Kommunen wie Wien und Schwechat will die KLAR! Lanzendorf + positive Strahlkraft nach au\u00dfen entwickeln.<\/p>\n<p><a href=\"https:\/\/www.energiepark.at\/en\/setpage-clear-on-the-leithaberge\/\">HIER<\/a> erf\u00e4hrst du mehr \u00fcber die KLAR! Am Leithaberge.[\/vc_column_text][\/vc_column][vc_column width=&#8221;1\/3&#8243;]<style>.ld_spacer_69f18f9101cf5{height:50px;}@media (min-width: 768px) { .ld_spacer_69f18f9101cf5{height:120px};}@media (min-width: 992px) { .ld_spacer_69f18f9101cf5{height:120px};}@media (min-width: 1200px) { .ld_spacer_69f18f9101cf5{height:120px};}<\/style>\n<div class=\"ld-empty-space ld_spacer_69f18f9101cf5\"><span class=\"liquid_empty_space_inner\"><\/span><\/div>[vc_single_image image=&#8221;342&#8243; img_size=&#8221;full&#8221; alignment=&#8221;center&#8221;][\/vc_column][\/vc_row][vc_row][vc_column][vc_empty_space height=&#8221;40px&#8221;][\/vc_column][\/vc_row]<\/p>\n<\/section>","protected":false},"excerpt":{"rendered":"<p>[vc_row css=&#8221;.vc_custom_1692710210443{background-image: url(https:\/\/www.energiepark.at\/wp-content\/uploads\/2023\/08\/AK_7695.jpg?id=338) !important;background-position: center !important;background-repeat: no-repeat !important;background-size: cover !important;}&#8221; el_class=&#8221;headerbildbereich&#8221;][vc_column align=&#8221;text-center&#8221; el_class=&#8221;headerbereich&#8221;][vc_empty_space height=&#8221;300px&#8221;][vc_column_text el_class=&#8221;headlinerindex&#8221;]&#8230;<\/p>\n","protected":false},"author":1,"featured_media":0,"parent":0,"menu_order":0,"comment_status":"closed","ping_status":"closed","template":"","meta":{"_acf_changed":false,"inline_featured_image":false,"footnotes":""},"class_list":["post-1050","page","type-page","status-publish","hentry"],"acf":[],"_links":{"self":[{"href":"https:\/\/www.energiepark.at\/en\/wp-json\/wp\/v2\/pages\/1050","targetHints":{"allow":["GET"]}}],"collection":[{"href":"https:\/\/www.energiepark.at\/en\/wp-json\/wp\/v2\/pages"}],"about":[{"href":"https:\/\/www.energiepark.at\/en\/wp-json\/wp\/v2\/types\/page"}],"author":[{"embeddable":true,"href":"https:\/\/www.energiepark.at\/en\/wp-json\/wp\/v2\/users\/1"}],"replies":[{"embeddable":true,"href":"https:\/\/www.energiepark.at\/en\/wp-json\/wp\/v2\/comments?post=1050"}],"version-history":[{"count":8,"href":"https:\/\/www.energiepark.at\/en\/wp-json\/wp\/v2\/pages\/1050\/revisions"}],"predecessor-version":[{"id":3568,"href":"https:\/\/www.energiepark.at\/en\/wp-json\/wp\/v2\/pages\/1050\/revisions\/3568"}],"wp:attachment":[{"href":"https:\/\/www.energiepark.at\/en\/wp-json\/wp\/v2\/media?parent=1050"}],"curies":[{"name":"wp","href":"https:\/\/api.w.org\/{rel}","templated":true}]}}

<section class="wpb-content-wrapper"><p>[vc_row css=&#8221;.vc_custom_1692710210443{background-image: url(https://www.energiepark.at/wp-content/uploads/2023/08/AK_7695.jpg?id=338) !important;background-position: center !important;background-repeat: no-repeat !important;background-size: cover !important;}&#8221; el_class=&#8221;headerbildbereich&#8221;][vc_column align=&#8221;text-center&#8221; el_class=&#8221;headerbereich&#8221;][vc_empty_space height=&#8221;300px&#8221;][vc_column_text el_class=&#8221;headlinerindex&#8221;]</p>
<h1>In the region<br />
on the way.</h1>
<p>[/vc_column_text][vc_column_text el_class=&#8221;schmuck&#8221; css=&#8221;.vc_custom_1692711176162{margin-top: -130px !important;}&#8221;]</p>
<p style="text-align: center;"><span style="color: #f29400;"><span style="caret-color: #f29400;">CLAR</span></span></p>
<p>[/vc_column_text][vc_single_image image=&#8221;252&#8243; img_size=&#8221;full&#8221; alignment=&#8221;right&#8221; el_class=&#8221;svgtopper&#8221;][vc_empty_space height=&#8221;150px&#8221;][/vc_column][/vc_row][vc_row gap=&#8221;30&#8243;][vc_column width=&#8221;2/3&#8243; css=&#8221;.vc_custom_1696311083068{margin-left: -20px !important;padding-left: 20px !important;}&#8221; el_class=&#8221;schmuckmobiltwo&#8221;][vc_empty_space height=&#8221;120px&#8221;][vc_column_text el_class=&#8221;headlinerindex&#8221;]</p>
<h1>In the region<br />
on the way.</h1>
<p>[/vc_column_text][vc_column_text el_class=&#8221;schmuck&#8221; css=&#8221;.vc_custom_1692710969514{margin-top: -280px !important;margin-left: -240px !important;}&#8221;]</p>
<p style="text-align: center;"><span style="color: #f29400;"><span style="caret-color: #f29400;">With good<br />
Conscience</span></span></p>
<p>[/vc_column_text][vc_empty_space height=&#8221;40px&#8221;][vc_column_text]In einer <strong>KLAR!,</strong> einer Klimawandelanpassungsmodellregion, geht es darum, Maßnahmen zu erarbeiten und gemeinsam mit der Bevölkerung zu planen um dem Klimawandel die Stirn zu bieten. Hier sollen Projekte zu mehr Begrünung in den Orten, Bodenentsiegelung und Schaffung von Schattenplätzen umgesetzt werden. Denn, gerade in Ostösterreich sind die Anzeichen des Klimawandels bereits seit einigen Jahren spürbar.</p>
<p>Mit der Betreuung von zwei KLAR!-Regionen unter dem Dach des Energieparks wollen wir Gemeinden in unserer Region unterstützen, sich auf den Klimawandel vorzubereiten und Anpassungsmaßnahmen umzusetzen.</p>
<p>Die <strong>KLAR! Am Leithaberge</strong> umfasst die Orte Au am Leithaberge, Götzendorf an der Leitha, Hof am Leithaberge, Mannersdorf am Leitagebirge und Trautmannsdorf an der Leitha. Betreut wird sie von Julia Jüly, die ihre langjährige und umfassende Erfahrung als Energieberaterin im Energiepark einbringt. Das große Ziel ist die Erhaltung der Lebensqualität für die Bevölkerung. Gute Klimawandelanpassungsmaßnahmen sind gleichzeitig auch ein aktiver Beitrag zum Klimaschutz mit Co-Benefits für die Bevölkerung. &#8220;Engagiert, mutig, voller Tatendrang – los geht‘s&#8221;. Unter diesem Motto sollen Ideen in der KLAR! Am Leithaberge angegangen werden.</p>
<p>In der <strong>KLAR! Lanzendorf+</strong> betreut Sonja Wirgler die drei Gemeinden Lanzendorf, Maria Lanzendorf und Zwölfaxing. In dem Bewusstsein, dass der Klimawandel nicht an der Gemeindegrenze Halt macht, sind sich die Akteur:innen darüber im Klaren, dass Zusammenarbeit einen Mehrwert schafft und bekennen sich daher klar, die Anpassungsmaßnahmen gemeinsam umzusetzen. „Kleine Fläche, große Wirkung“ ist das Motto der KLAR!-Region. Umgeben von großen Kommunen wie Wien und Schwechat will die KLAR! Lanzendorf + positive Strahlkraft nach außen entwickeln.</p>
<p><a href="https://www.energiepark.at/en/setpage-clear-on-the-leithaberge/">HIER</a> erfährst du mehr über die KLAR! Am Leithaberge.[/vc_column_text][/vc_column][vc_column width=&#8221;1/3&#8243;]<style>.ld_spacer_69f18f9101cf5{height:50px;}@media (min-width: 768px) { .ld_spacer_69f18f9101cf5{height:120px};}@media (min-width: 992px) { .ld_spacer_69f18f9101cf5{height:120px};}@media (min-width: 1200px) { .ld_spacer_69f18f9101cf5{height:120px};}</style>
<div class="ld-empty-space ld_spacer_69f18f9101cf5"><span class="liquid_empty_space_inner"></span></div>[vc_single_image image=&#8221;342&#8243; img_size=&#8221;full&#8221; alignment=&#8221;center&#8221;][/vc_column][/vc_row][vc_row][vc_column][vc_empty_space height=&#8221;40px&#8221;][/vc_column][/vc_row]</p>
</section>
