{"id":1581,"date":"2023-08-17T12:08:03","date_gmt":"2023-08-17T10:08:03","guid":{"rendered":"https:\/\/www.energiepark.at\/kem-klimaticko-energeticky-model-regionu\/"},"modified":"2026-03-03T15:43:50","modified_gmt":"2026-03-03T14:43:50","slug":"kem-klimaticko-energeticky-model-regionu","status":"publish","type":"page","link":"https:\/\/www.energiepark.at\/sk\/kem-klimaticko-energeticky-model-regionu\/","title":{"rendered":"KEM (klimaticko-energetick\u00fd model regi\u00f3nu)"},"content":{"rendered":"<section class=\"wpb-content-wrapper\"><p>[vc_row css=&#8220;.vc_custom_1692710210443{background-image: url(https:\/\/www.energiepark.at\/wp-content\/uploads\/2023\/08\/AK_7695.jpg?id=338) !important;background-position: center !important;background-repeat: no-repeat !important;background-size: cover !important;}&#8220; el_class=&#8220;headerbildbereich&#8220;][vc_column align=&#8220;text-center&#8220; el_class=&#8220;headerbereich&#8220;][vc_empty_space height=&#8220;300px&#8220;][vc_column_text el_class=&#8220;headlinerindex&#8220;]<\/p>\n<h1>Na cest\u00e1ch v regi\u00f3ne.<\/h1>\n<p>[\/vc_column_text][vc_column_text el_class=&#8220;schmuck&#8220; css=&#8220;.vc_custom_1696247209033{margin-top: -130px !important;}&#8220;]<\/p>\n<p style=\"text-align: center;\"><span style=\"color: #f29400;\"><span style=\"caret-color: #f29400;\">KEM<\/span><\/span><\/p>\n<p>[\/vc_column_text][vc_single_image image=&#8220;1640&#8243; img_size=&#8220;full&#8220; alignment=&#8220;right&#8220; el_class=&#8220;svgtopper&#8220;][vc_empty_space height=&#8220;150px&#8220;][\/vc_column][\/vc_row][vc_row gap=&#8220;30&#8243;][vc_column width=&#8220;2\/3&#8243; css=&#8220;.vc_custom_1696311014717{margin-left: -20px !important;padding-left: 20px !important;}&#8220; el_class=&#8220;schmuckmobiltwo&#8220;][vc_empty_space height=&#8220;120px&#8220;][vc_column_text el_class=&#8220;headlinerindex&#8220;]<\/p>\n<h1>V regi\u00f3ne<br \/>\nna ceste.<\/h1>\n<p>[\/vc_column_text][vc_column_text el_class=&#8220;schmuck&#8220; css=&#8220;.vc_custom_1692710969514{margin-top: -280px !important;margin-left: -240px !important;}&#8220;]<\/p>\n<p style=\"text-align: center;\"><span style=\"color: #f29400;\"><span style=\"caret-color: #f29400;\">s dobr\u00fdm<br \/>\nSvedomie<\/span><\/span><\/p>\n<p>[\/vc_column_text][vc_empty_space height=&#8220;40px&#8220;][vc_column_text]Klimatick\u00e9 a energetick\u00e9 modelov\u00e9 regi\u00f3ny, skr\u00e1tene <strong>KEM<\/strong>, formuj\u00fa energetick\u00fa transform\u00e1ciu. \u00dastredn\u00fdm prvkom ka\u017ed\u00e9ho KEM je spr\u00e1vca modelov\u00e9ho regi\u00f3nu. Tu sa sp\u00e1jaj\u00fa jednotliv\u00e9 nitky; spolu s partnermi z regi\u00f3nu sa realizuj\u00fa projekty zameran\u00e9 na obnovite\u013en\u00e9 zdroje energie, zni\u017eovanie spotreby energie, udr\u017eate\u013en\u00e9 budovy, klimaticky neutr\u00e1lnu mobilitu a zvy\u0161ovanie povedomia.<\/p>\n<p>V s\u00fa\u010dasnosti je v Rak\u00fasku viac ako 120 regi\u00f3nov KEM. V Energy Parku sa star\u00e1me o dva z t\u00fdchto klimatick\u00fdch a energetick\u00fdch modelov\u00fdch regi\u00f3nov.<\/p>\n<p>&nbsp;<\/p>\n<p>[\/vc_column_text][vc_column_text]<strong>KEM Carnuntum<\/strong> s mana\u017e\u00e9rom KEM Philipom Loitschom sa od roku 2021 zameriava na realiz\u00e1ciu opatren\u00ed v obciach Scharndorf, Hundsheim a Petronell-Carnuntum. V \u00fazkej spolupr\u00e1ci s politikmi a obyvate\u013emi sa u\u017e realizovali niektor\u00e9 perspekt\u00edvne projekty. V\u00fdzvy, ktor\u00e9 sa vyzna\u010duj\u00fa zvl\u00e1\u0161tnou polohou obc\u00ed medzi dvoma ve\u013ek\u00fdmi mestami Vied\u0148ou a Bratislavou, spo\u010d\u00edvaj\u00fa v optim\u00e1lnom spojen\u00ed historick\u00e9ho dedi\u010dstva v Carnuntum a vysok\u00e9ho potenci\u00e1lu obnovite\u013en\u00fdch zdrojov energie v regi\u00f3ne.<\/p>\n<p>&nbsp;<\/p>\n<p>[\/vc_column_text]<style>.ld_button_69f4c4736ea07 .btn-icon{font-size:20px;margin-left:140px !important;}<\/style><a href=\"https:\/\/www.energiepark.at\/kem-carnuntum\/\" title=\"Die KEM Carnuntum\" class=\"btn btn-solid btn-sm circle btn-bordered border-thin ld_button_69f4c4736ea07\">\n\t<span>\n\t\t\n\t\t\t\t\t<span class=\"btn-txt\">Mehr zur KEM-Carnuntum<\/span>\n\t\t\t\n\t<span class=\"btn-icon\"><i class=\"\"><\/i><\/span>\t\t\t<\/span>\n<\/a>\n[vc_column_text]<\/p>\n<p>&nbsp;<\/p>\n<p><strong>KEM Energie\u00b3<\/strong> existuje od roku 2017 a zah\u0155\u0148a mest\u00e1 Bruck\/Leitha, H\u00f6flein a G\u00f6ttlesbrunn-Arbesthal. Tieto tri obce boli priekopn\u00edkmi a priekopn\u00edkmi v oblasti obnovite\u013en\u00fdch zdrojov energie v r\u00edmskom Carnunte. Cie\u013e zostal rovnak\u00fd a\u017e dodnes: viac obnovite\u013enej energie pre regi\u00f3n! Spolo\u010dnos\u0165 Energiepark Bruck\/Leitha riadi spolo\u010dnos\u0165 KEM Energie\u00b3 od za\u010diatku a m\u00f4\u017eeme sa pochv\u00e1li\u0165 mnoh\u00fdmi \u00faspe\u0161ne realizovan\u00fdmi projektmi. Udr\u017eate\u013en\u00e1 mobilita, neust\u00e1le roz\u0161irovanie obnovite\u013en\u00fdch zdrojov energie a zvy\u0161ovanie povedomia obyvate\u013estva s\u00fa stredobodom z\u00e1ujmu spolo\u010dnosti KEM Energie\u00b3.<\/p>\n<p>&nbsp;<\/p>\n<p>[\/vc_column_text]<style>.ld_button_69f4c4736ecab .btn-icon{font-size:20px;margin-left:140px !important;}<\/style><a href=\"https:\/\/www.energiepark.at\/kem-energiehochdrei\/\" title=\"Die KEM Carnuntum\" class=\"btn btn-solid btn-sm circle btn-bordered border-thin ld_button_69f4c4736ecab\">\n\t<span>\n\t\t\n\t\t\t\t\t<span class=\"btn-txt\">Mehr zur KEM-Energie\u00b3<\/span>\n\t\t\t\n\t<span class=\"btn-icon\"><i class=\"\"><\/i><\/span>\t\t\t<\/span>\n<\/a>\n[\/vc_column][vc_column width=&#8220;1\/3&#8243;]<style>.ld_spacer_69f4c4736ee38{height:50px;}@media (min-width: 768px) { .ld_spacer_69f4c4736ee38{height:120px};}@media (min-width: 992px) { .ld_spacer_69f4c4736ee38{height:120px};}@media (min-width: 1200px) { .ld_spacer_69f4c4736ee38{height:120px};}<\/style>\n<div class=\"ld-empty-space ld_spacer_69f4c4736ee38\"><span class=\"liquid_empty_space_inner\"><\/span><\/div>[vc_single_image image=&#8220;1647&#8243; img_size=&#8220;full&#8220; alignment=&#8220;center&#8220; css=&#8220;.vc_custom_1693233770238{border-radius: 20px !important;}&#8220; el_class=&#8220;roundedimage&#8220;][\/vc_column][\/vc_row][vc_row][vc_column][vc_empty_space height=&#8220;70px&#8220;][\/vc_column][\/vc_row][vc_row content_placement=&#8220;middle&#8220; disable_element=&#8220;yes&#8220;][vc_column width=&#8220;1\/3&#8243;][vc_column_text el_class=&#8220;headlinerindex&#8220;]<\/p>\n<h1>KEM Energy\u00b3<br \/>\nKontakt a<br \/>\nOt\u00e1zky<\/h1>\n<p>[\/vc_column_text][vc_column_text el_class=&#8220;schmuck&#8220; css=&#8220;.vc_custom_1692708773869{margin-top: -280px !important;margin-left: -240px !important;}&#8220;]<\/p>\n<p style=\"text-align: center;\"><span style=\"color: #f29400;\"><span style=\"caret-color: #f29400;\">jednoducho<br \/>\nregion\u00e1lne<\/span><\/span><\/p>\n<p>[\/vc_column_text][\/vc_column][vc_column width=&#8220;2\/3&#8243;][vc_column_text]<i>&#8222;Ak m\u00e1te ak\u00e9ko\u013evek ot\u00e1zky, u\u017e teraz sa na v\u00e1s te\u0161\u00edm na tel.: 0699 121 68 100 alebo na<\/i> <a href=\"mailto:i.schrenk@energiepark.at\">i.schrenk@energiepark.at<\/a>,&#8220; hovor\u00ed Irene Schrenk, mana\u017e\u00e9rka spolo\u010dnosti Energie\u00b3. V pracovn\u00fdch d\u0148och som v\u00e1m k dispoz\u00edcii od 9:00 do 15:00.<\/p>\n<p>Pokra\u010dovacia f\u00e1za projektu KEM Energie\u00b3, ktor\u00e1 bola spusten\u00e1 na jar 2022, zah\u0155\u0148a nasleduj\u00face tematick\u00e9 bloky na najbli\u017e\u0161ie tri roky obc\u00ed Bruck\/Leitha, G\u00f6ttlesbrunn-Arbesthal a H\u00f6flein.[\/vc_column_text][\/vc_column][\/vc_row][vc_row disable_element=&#8220;yes&#8220;][vc_column][vc_empty_space height=&#8220;40px&#8220;][\/vc_column][\/vc_row][vc_row disable_element=&#8220;yes&#8220;][vc_column][vc_single_image image=&#8220;1583&#8243; img_size=&#8220;full&#8220; alignment=&#8220;center&#8220;][\/vc_column][\/vc_row][vc_row disable_element=&#8220;yes&#8220;][vc_column][vc_empty_space height=&#8220;40px&#8220;][\/vc_column][\/vc_row]<\/p>\n<\/section>","protected":false},"excerpt":{"rendered":"<p>[vc_row css=&#8220;.vc_custom_1692710210443{background-image: url(https:\/\/www.energiepark.at\/wp-content\/uploads\/2023\/08\/AK_7695.jpg?id=338) !important;background-position: center !important;background-repeat: no-repeat !important;background-size: cover !important;}&#8220; el_class=&#8220;headerbildbereich&#8220;][vc_column align=&#8220;text-center&#8220; el_class=&#8220;headerbereich&#8220;][vc_empty_space height=&#8220;300px&#8220;][vc_column_text el_class=&#8220;headlinerindex&#8220;]&#8230;<\/p>\n","protected":false},"author":1,"featured_media":0,"parent":0,"menu_order":0,"comment_status":"closed","ping_status":"closed","template":"","meta":{"_acf_changed":false,"inline_featured_image":false,"footnotes":""},"class_list":["post-1581","page","type-page","status-publish","hentry"],"acf":[],"_links":{"self":[{"href":"https:\/\/www.energiepark.at\/sk\/wp-json\/wp\/v2\/pages\/1581","targetHints":{"allow":["GET"]}}],"collection":[{"href":"https:\/\/www.energiepark.at\/sk\/wp-json\/wp\/v2\/pages"}],"about":[{"href":"https:\/\/www.energiepark.at\/sk\/wp-json\/wp\/v2\/types\/page"}],"author":[{"embeddable":true,"href":"https:\/\/www.energiepark.at\/sk\/wp-json\/wp\/v2\/users\/1"}],"replies":[{"embeddable":true,"href":"https:\/\/www.energiepark.at\/sk\/wp-json\/wp\/v2\/comments?post=1581"}],"version-history":[{"count":26,"href":"https:\/\/www.energiepark.at\/sk\/wp-json\/wp\/v2\/pages\/1581\/revisions"}],"predecessor-version":[{"id":10303,"href":"https:\/\/www.energiepark.at\/sk\/wp-json\/wp\/v2\/pages\/1581\/revisions\/10303"}],"wp:attachment":[{"href":"https:\/\/www.energiepark.at\/sk\/wp-json\/wp\/v2\/media?parent=1581"}],"curies":[{"name":"wp","href":"https:\/\/api.w.org\/{rel}","templated":true}]}}

KEM (klimaticko-energetický model regiónu)

<section class="wpb-content-wrapper"><p>[vc_row css=&#8220;.vc_custom_1692710210443{background-image: url(https://www.energiepark.at/wp-content/uploads/2023/08/AK_7695.jpg?id=338) !important;background-position: center !important;background-repeat: no-repeat !important;background-size: cover !important;}&#8220; el_class=&#8220;headerbildbereich&#8220;][vc_column align=&#8220;text-center&#8220; el_class=&#8220;headerbereich&#8220;][vc_empty_space height=&#8220;300px&#8220;][vc_column_text el_class=&#8220;headlinerindex&#8220;]</p>
<h1>Na cestách v regióne.</h1>
<p>[/vc_column_text][vc_column_text el_class=&#8220;schmuck&#8220; css=&#8220;.vc_custom_1696247209033{margin-top: -130px !important;}&#8220;]</p>
<p style="text-align: center;"><span style="color: #f29400;"><span style="caret-color: #f29400;">KEM</span></span></p>
<p>[/vc_column_text][vc_single_image image=&#8220;1640&#8243; img_size=&#8220;full&#8220; alignment=&#8220;right&#8220; el_class=&#8220;svgtopper&#8220;][vc_empty_space height=&#8220;150px&#8220;][/vc_column][/vc_row][vc_row gap=&#8220;30&#8243;][vc_column width=&#8220;2/3&#8243; css=&#8220;.vc_custom_1696311014717{margin-left: -20px !important;padding-left: 20px !important;}&#8220; el_class=&#8220;schmuckmobiltwo&#8220;][vc_empty_space height=&#8220;120px&#8220;][vc_column_text el_class=&#8220;headlinerindex&#8220;]</p>
<h1>V regióne<br />
na ceste.</h1>
<p>[/vc_column_text][vc_column_text el_class=&#8220;schmuck&#8220; css=&#8220;.vc_custom_1692710969514{margin-top: -280px !important;margin-left: -240px !important;}&#8220;]</p>
<p style="text-align: center;"><span style="color: #f29400;"><span style="caret-color: #f29400;">s dobrým<br />
Svedomie</span></span></p>
<p>[/vc_column_text][vc_empty_space height=&#8220;40px&#8220;][vc_column_text]Klimatické a energetické modelové regióny, skrátene <strong>KEM</strong>, formujú energetickú transformáciu. Ústredným prvkom každého KEM je správca modelového regiónu. Tu sa spájajú jednotlivé nitky; spolu s partnermi z regiónu sa realizujú projekty zamerané na obnoviteľné zdroje energie, znižovanie spotreby energie, udržateľné budovy, klimaticky neutrálnu mobilitu a zvyšovanie povedomia.</p>
<p>V súčasnosti je v Rakúsku viac ako 120 regiónov KEM. V Energy Parku sa staráme o dva z týchto klimatických a energetických modelových regiónov.</p>
<p>&nbsp;</p>
<p>[/vc_column_text][vc_column_text]<strong>KEM Carnuntum</strong> s manažérom KEM Philipom Loitschom sa od roku 2021 zameriava na realizáciu opatrení v obciach Scharndorf, Hundsheim a Petronell-Carnuntum. V úzkej spolupráci s politikmi a obyvateľmi sa už realizovali niektoré perspektívne projekty. Výzvy, ktoré sa vyznačujú zvláštnou polohou obcí medzi dvoma veľkými mestami Viedňou a Bratislavou, spočívajú v optimálnom spojení historického dedičstva v Carnuntum a vysokého potenciálu obnoviteľných zdrojov energie v regióne.</p>
<p>&nbsp;</p>
<p>[/vc_column_text]<style>.ld_button_69f4c4736ea07 .btn-icon{font-size:20px;margin-left:140px !important;}</style><a href="https://www.energiepark.at/kem-carnuntum/" title="Die KEM Carnuntum" class="btn btn-solid btn-sm circle btn-bordered border-thin ld_button_69f4c4736ea07">
	<span>
		
					<span class="btn-txt">Mehr zur KEM-Carnuntum</span>
			
	<span class="btn-icon"><i class=""></i></span>			</span>
</a>
[vc_column_text]</p>
<p>&nbsp;</p>
<p><strong>KEM Energie³</strong> existuje od roku 2017 a zahŕňa mestá Bruck/Leitha, Höflein a Göttlesbrunn-Arbesthal. Tieto tri obce boli priekopníkmi a priekopníkmi v oblasti obnoviteľných zdrojov energie v rímskom Carnunte. Cieľ zostal rovnaký až dodnes: viac obnoviteľnej energie pre región! Spoločnosť Energiepark Bruck/Leitha riadi spoločnosť KEM Energie³ od začiatku a môžeme sa pochváliť mnohými úspešne realizovanými projektmi. Udržateľná mobilita, neustále rozširovanie obnoviteľných zdrojov energie a zvyšovanie povedomia obyvateľstva sú stredobodom záujmu spoločnosti KEM Energie³.</p>
<p>&nbsp;</p>
<p>[/vc_column_text]<style>.ld_button_69f4c4736ecab .btn-icon{font-size:20px;margin-left:140px !important;}</style><a href="https://www.energiepark.at/kem-energiehochdrei/" title="Die KEM Carnuntum" class="btn btn-solid btn-sm circle btn-bordered border-thin ld_button_69f4c4736ecab">
	<span>
		
					<span class="btn-txt">Mehr zur KEM-Energie³</span>
			
	<span class="btn-icon"><i class=""></i></span>			</span>
</a>
[/vc_column][vc_column width=&#8220;1/3&#8243;]<style>.ld_spacer_69f4c4736ee38{height:50px;}@media (min-width: 768px) { .ld_spacer_69f4c4736ee38{height:120px};}@media (min-width: 992px) { .ld_spacer_69f4c4736ee38{height:120px};}@media (min-width: 1200px) { .ld_spacer_69f4c4736ee38{height:120px};}</style>
<div class="ld-empty-space ld_spacer_69f4c4736ee38"><span class="liquid_empty_space_inner"></span></div>[vc_single_image image=&#8220;1647&#8243; img_size=&#8220;full&#8220; alignment=&#8220;center&#8220; css=&#8220;.vc_custom_1693233770238{border-radius: 20px !important;}&#8220; el_class=&#8220;roundedimage&#8220;][/vc_column][/vc_row][vc_row][vc_column][vc_empty_space height=&#8220;70px&#8220;][/vc_column][/vc_row][vc_row content_placement=&#8220;middle&#8220; disable_element=&#8220;yes&#8220;][vc_column width=&#8220;1/3&#8243;][vc_column_text el_class=&#8220;headlinerindex&#8220;]</p>
<h1>KEM Energy³<br />
Kontakt a<br />
Otázky</h1>
<p>[/vc_column_text][vc_column_text el_class=&#8220;schmuck&#8220; css=&#8220;.vc_custom_1692708773869{margin-top: -280px !important;margin-left: -240px !important;}&#8220;]</p>
<p style="text-align: center;"><span style="color: #f29400;"><span style="caret-color: #f29400;">jednoducho<br />
regionálne</span></span></p>
<p>[/vc_column_text][/vc_column][vc_column width=&#8220;2/3&#8243;][vc_column_text]<i>&#8222;Ak máte akékoľvek otázky, už teraz sa na vás teším na tel.: 0699 121 68 100 alebo na</i> <a href="mailto:i.schrenk@energiepark.at">i.schrenk@energiepark.at</a>,&#8220; hovorí Irene Schrenk, manažérka spoločnosti Energie³. V pracovných dňoch som vám k dispozícii od 9:00 do 15:00.</p>
<p>Pokračovacia fáza projektu KEM Energie³, ktorá bola spustená na jar 2022, zahŕňa nasledujúce tematické bloky na najbližšie tri roky obcí Bruck/Leitha, Göttlesbrunn-Arbesthal a Höflein.[/vc_column_text][/vc_column][/vc_row][vc_row disable_element=&#8220;yes&#8220;][vc_column][vc_empty_space height=&#8220;40px&#8220;][/vc_column][/vc_row][vc_row disable_element=&#8220;yes&#8220;][vc_column][vc_single_image image=&#8220;1583&#8243; img_size=&#8220;full&#8220; alignment=&#8220;center&#8220;][/vc_column][/vc_row][vc_row disable_element=&#8220;yes&#8220;][vc_column][vc_empty_space height=&#8220;40px&#8220;][/vc_column][/vc_row]</p>
</section>
