{"id":2426,"date":"2023-12-07T13:19:16","date_gmt":"2023-12-07T12:19:16","guid":{"rendered":"https:\/\/www.energiepark.at\/strana-kem-energy%c2%b3\/"},"modified":"2026-03-03T15:41:20","modified_gmt":"2026-03-03T14:41:20","slug":"strana-kem-energy%c2%b3","status":"publish","type":"page","link":"https:\/\/www.energiepark.at\/sk\/strana-kem-energy%c2%b3\/","title":{"rendered":"KEM Energy\u00b3"},"content":{"rendered":"<section class=\"wpb-content-wrapper\"><p>[vc_row bg_position=&#8220;center bottom&#8220; css=&#8220;.vc_custom_1712564603801{background-image: url(https:\/\/www.energiepark.at\/wp-content\/uploads\/2024\/04\/IMG_0142-scaled.jpg?id=4701) !important;background-position: center !important;background-repeat: no-repeat !important;background-size: cover !important;}&#8220;][vc_column][vc_empty_space height=&#8220;800px&#8220;][\/vc_column][\/vc_row][vc_row][vc_column][vc_empty_space height=&#8220;80px&#8220;][\/vc_column][\/vc_row][vc_row][vc_column][vc_row_inner][vc_column_inner width=&#8220;1\/6&#8243;][\/vc_column_inner][vc_column_inner width=&#8220;2\/3&#8243;][vc_column_text]<\/p>\n<h1 style=\"text-align: center;\">KEM Energy\u00b3<\/h1>\n<p>[\/vc_column_text][vc_empty_space height=&#8220;10px&#8220;][vc_column_text]<\/p>\n<p style=\"text-align: center;\">Nastal \u010das pre bud\u00facnos\u0165!<\/p>\n<p style=\"text-align: center;\">Spolo\u010dnos\u0165 KEM Energie\u00b3 p\u00f4sob\u00ed ako priekopn\u00edk v oblasti obnovite\u013en\u00fdch zdrojov energie a energetickej \u00fa\u010dinnosti.<\/p>\n<p>[\/vc_column_text][\/vc_column_inner][vc_column_inner width=&#8220;1\/6&#8243;][\/vc_column_inner][\/vc_row_inner][\/vc_column][\/vc_row][vc_row][vc_column][vc_empty_space height=&#8220;80px&#8220;][\/vc_column][\/vc_row][vc_row gap=&#8220;0&#8243; equal_height=&#8220;yes&#8220;][vc_column width=&#8220;1\/2&#8243; align=&#8220;text-center&#8220; css=&#8220;.vc_custom_1701864169981{padding-right: 40px !important;padding-left: 40px !important;background-color: #f2f2f2 !important;}&#8220;][vc_empty_space height=&#8220;100px&#8220;][vc_column_text]<\/p>\n<h2 style=\"text-align: center;\">Priekopn\u00edci obnovite\u013enej energie<\/h2>\n<p style=\"text-align: center;\">Tieto tri obce boli priekopn\u00edkmi a priekopn\u00ed\u010dkami v regi\u00f3ne R\u00f6merland-Carnuntum, ktor\u00fd za\u010dal podnika\u0165 kroky smerom k energetickej nez\u00e1vislosti zalo\u017eenej na obnovite\u013en\u00fdch zdrojoch energie u\u017e v 90. rokoch 20. storo\u010dia. V\u0161etky tri obce maj\u00fa ve\u013ek\u00fd po\u010det r\u00f4znych zariaden\u00ed na v\u00fdrobu energie z obnovite\u013en\u00fdch zdrojov a sp\u00e1ja ich aj vysok\u00fd podiel po\u013enohospod\u00e1rstva (vinohradn\u00edci) a Arbesthalsk\u00e9 vrchy. <\/p>\n<p>[\/vc_column_text][vc_empty_space height=&#8220;30px&#8220;][vc_btn title=&#8220;KEM Energy\u00b3&#8220; style=&#8220;flat&#8220; color=&#8220;danger&#8220; link=&#8220;url:https%3A%2F%2Fwww.energiepark.at%2Fsk%2Fstrana-kem-energy%25c2%25b3%2Fregion%2F%3Fpreview%3Dtrue|&#8220;][vc_empty_space height=&#8220;100px&#8220;][\/vc_column][vc_column width=&#8220;1\/2&#8243; css=&#8220;.vc_custom_1710418514850{background-image: url(https:\/\/www.energiepark.at\/wp-content\/uploads\/2024\/03\/IMG_6471_Web.jpg?id=3964) !important;background-position: center !important;background-repeat: no-repeat !important;background-size: cover !important;}&#8220;][\/vc_column][\/vc_row][vc_row gap=&#8220;0&#8243; equal_height=&#8220;yes&#8220;][vc_column width=&#8220;1\/2&#8243; css=&#8220;.vc_custom_1710421474137{background-image: url(https:\/\/www.energiepark.at\/wp-content\/uploads\/2024\/03\/Bildschirmfoto-2019-12-20-um-09.53.44.png?id=3952) !important;background-position: center !important;background-repeat: no-repeat !important;background-size: cover !important;}&#8220;][\/vc_column][vc_column width=&#8220;1\/2&#8243; align=&#8220;text-center&#8220; css=&#8220;.vc_custom_1701864169981{padding-right: 40px !important;padding-left: 40px !important;background-color: #f2f2f2 !important;}&#8220;][vc_empty_space height=&#8220;100px&#8220;][vc_column_text]<\/p>\n<h2 style=\"text-align: center;\">Novinky v KEM <span style=\"font-size: 24px;\">Energy\u00b3<\/span><\/h2>\n<p style=\"text-align: center;\">V r\u00e1mci klimaticko-energetick\u00e9ho modelu regi\u00f3nu sa konaj\u00fa r\u00f4zne podujatia a kampane na r\u00f4zne t\u00e9my.<\/p>\n<p>[\/vc_column_text][vc_empty_space height=&#8220;30px&#8220;][vc_btn title=&#8220;Viac inform\u00e1ci\u00ed&#8220; style=&#8220;flat&#8220; color=&#8220;danger&#8220; link=&#8220;url:https%3A%2F%2Fwww.energiepark.at%2Fsk%2Fstrana-kem-energy%25c2%25b3%2Fnovinky-a-terminy%2F|&#8220;][vc_empty_space height=&#8220;100px&#8220;][\/vc_column][\/vc_row][vc_row gap=&#8220;0&#8243; equal_height=&#8220;yes&#8220;][vc_column width=&#8220;1\/2&#8243; align=&#8220;text-center&#8220; css=&#8220;.vc_custom_1701864169981{padding-right: 40px !important;padding-left: 40px !important;background-color: #f2f2f2 !important;}&#8220;][vc_empty_space height=&#8220;100px&#8220;][vc_column_text]<\/p>\n<h2 style=\"text-align: center;\">Koncepcia a ciele<\/h2>\n<p style=\"text-align: center;\">Cie\u013eom je by\u0165 priekopn\u00edkom a podnikn\u00fa\u0165 udr\u017eate\u013en\u00e9 kroky smerom k \u00faplnej energetickej nez\u00e1vislosti zalo\u017eenej na region\u00e1lne dostupn\u00fdch zdrojoch (&#8222;obnovite\u013en\u00e9 zdroje&#8220;).<\/p>\n<p>[\/vc_column_text][vc_empty_space height=&#8220;30px&#8220;][vc_btn title=&#8220;O pl\u00e1novan\u00fdch opatreniach a koncepci\u00e1ch&#8220; style=&#8220;flat&#8220; color=&#8220;danger&#8220; link=&#8220;url:https%3A%2F%2Fwww.energiepark.at%2Fsk%2Fstrana-kem-energy%25c2%25b3%2Fkoncepcia-a-ciele%2F|&#8220;][vc_empty_space height=&#8220;100px&#8220;][\/vc_column][vc_column width=&#8220;1\/2&#8243; css=&#8220;.vc_custom_1710848169535{background-image: url(https:\/\/www.energiepark.at\/wp-content\/uploads\/2024\/03\/PV-1.jpg?id=3970) !important;background-position: center !important;background-repeat: no-repeat !important;background-size: cover !important;}&#8220;][\/vc_column][\/vc_row][vc_row gap=&#8220;0&#8243; equal_height=&#8220;yes&#8220;][vc_column width=&#8220;1\/2&#8243; css=&#8220;.vc_custom_1710848212644{background-image: url(https:\/\/www.energiepark.at\/wp-content\/uploads\/2024\/03\/IMG_6447_Web.jpg?id=3961) !important;background-position: center !important;background-repeat: no-repeat !important;background-size: cover !important;}&#8220;][\/vc_column][vc_column width=&#8220;1\/2&#8243; align=&#8220;text-center&#8220; css=&#8220;.vc_custom_1701864169981{padding-right: 40px !important;padding-left: 40px !important;background-color: #f2f2f2 !important;}&#8220;][vc_empty_space height=&#8220;100px&#8220;][vc_column_text]<\/p>\n<h2 style=\"text-align: center;\">T\u00edm KEM Energie\u00b3<\/h2>\n<p style=\"text-align: center;\">Z\u00e1kladn\u00fd t\u00edm spolo\u010dnosti KEM Energie\u00b3 tvoria starostovia<\/p>\n<p style=\"text-align: center;\">Gerhard Weil (Bruck\/Leitha), Franz Glock (G\u00f6ttlesbrunn-Arbesthal) a Otto Auer (H\u00f6flein)<\/p>\n<p>Mesto Bruck\/Leitha je podpornou obcou projektu.[\/vc_column_text][vc_empty_space height=&#8220;30px&#8220;][vc_btn title=&#8220;Koordin\u00e1cia &#8211; organiz\u00e1tor projektu&#8220; style=&#8220;flat&#8220; color=&#8220;danger&#8220; link=&#8220;url:https%3A%2F%2Fwww.bruckleitha.at%2F|&#8220;][vc_empty_space height=&#8220;100px&#8220;][\/vc_column][\/vc_row][vc_row][vc_column][vc_empty_space height=&#8220;80px&#8220;][\/vc_column][\/vc_row][vc_row][vc_column][vc_row_inner][vc_column_inner width=&#8220;1\/6&#8243;][\/vc_column_inner][vc_column_inner width=&#8220;2\/3&#8243;][vc_column_text]<\/p>\n<h1 style=\"text-align: center;\">Najnov\u0161ie spr\u00e1vy od spolo\u010dnosti KEM Energy<em><sup>3<\/sup><\/em><\/h1>\n<p>[\/vc_column_text][vc_empty_space height=&#8220;10px&#8220;][vc_column_text][\/vc_column_text][\/vc_column_inner][vc_column_inner width=&#8220;1\/6&#8243;][\/vc_column_inner][\/vc_row_inner][\/vc_column][\/vc_row][vc_row][vc_column][vc_empty_space height=&#8220;30px&#8220;][\/vc_column][\/vc_row][vc_row][vc_column][vc_basic_grid post_type=&#8220;post&#8220; max_items=&#8220;3&#8243; item=&#8220;1149&#8243; grid_id=&#8220;vc_gid:1731503397558-95ef674f-9a0c-2&#8243; taxonomies=&#8220;37&#8243;][\/vc_column][\/vc_row]<\/p>\n<\/section>","protected":false},"excerpt":{"rendered":"<p>[vc_row bg_position=&#8220;center bottom&#8220; css=&#8220;.vc_custom_1712564603801{background-image: url(https:\/\/www.energiepark.at\/wp-content\/uploads\/2024\/04\/IMG_0142-scaled.jpg?id=4701) !important;background-position: center !important;background-repeat: no-repeat !important;background-size: cover !important;}&#8220;][vc_column][vc_empty_space height=&#8220;800px&#8220;][\/vc_column][\/vc_row][vc_row][vc_column][vc_empty_space height=&#8220;80px&#8220;][\/vc_column][\/vc_row][vc_row][vc_column][vc_row_inner][vc_column_inner width=&#8220;1\/6&#8243;][\/vc_column_inner][vc_column_inner&#8230;<\/p>\n","protected":false},"author":1,"featured_media":3954,"parent":0,"menu_order":0,"comment_status":"closed","ping_status":"closed","template":"","meta":{"_acf_changed":false,"inline_featured_image":false,"footnotes":""},"class_list":["post-2426","page","type-page","status-publish","has-post-thumbnail","hentry"],"acf":[],"_links":{"self":[{"href":"https:\/\/www.energiepark.at\/sk\/wp-json\/wp\/v2\/pages\/2426","targetHints":{"allow":["GET"]}}],"collection":[{"href":"https:\/\/www.energiepark.at\/sk\/wp-json\/wp\/v2\/pages"}],"about":[{"href":"https:\/\/www.energiepark.at\/sk\/wp-json\/wp\/v2\/types\/page"}],"author":[{"embeddable":true,"href":"https:\/\/www.energiepark.at\/sk\/wp-json\/wp\/v2\/users\/1"}],"replies":[{"embeddable":true,"href":"https:\/\/www.energiepark.at\/sk\/wp-json\/wp\/v2\/comments?post=2426"}],"version-history":[{"count":23,"href":"https:\/\/www.energiepark.at\/sk\/wp-json\/wp\/v2\/pages\/2426\/revisions"}],"predecessor-version":[{"id":9610,"href":"https:\/\/www.energiepark.at\/sk\/wp-json\/wp\/v2\/pages\/2426\/revisions\/9610"}],"wp:featuredmedia":[{"embeddable":true,"href":"https:\/\/www.energiepark.at\/sk\/wp-json\/wp\/v2\/media\/3954"}],"wp:attachment":[{"href":"https:\/\/www.energiepark.at\/sk\/wp-json\/wp\/v2\/media?parent=2426"}],"curies":[{"name":"wp","href":"https:\/\/api.w.org\/{rel}","templated":true}]}}

<section class="wpb-content-wrapper"><p>[vc_row bg_position=&#8220;center bottom&#8220; css=&#8220;.vc_custom_1712564603801{background-image: url(https://www.energiepark.at/wp-content/uploads/2024/04/IMG_0142-scaled.jpg?id=4701) !important;background-position: center !important;background-repeat: no-repeat !important;background-size: cover !important;}&#8220;][vc_column][vc_empty_space height=&#8220;800px&#8220;][/vc_column][/vc_row][vc_row][vc_column][vc_empty_space height=&#8220;80px&#8220;][/vc_column][/vc_row][vc_row][vc_column][vc_row_inner][vc_column_inner width=&#8220;1/6&#8243;][/vc_column_inner][vc_column_inner width=&#8220;2/3&#8243;][vc_column_text]</p>
<h1 style="text-align: center;">KEM Energy³</h1>
<p>[/vc_column_text][vc_empty_space height=&#8220;10px&#8220;][vc_column_text]</p>
<p style="text-align: center;">Nastal čas pre budúcnosť!</p>
<p style="text-align: center;">Spoločnosť KEM Energie³ pôsobí ako priekopník v oblasti obnoviteľných zdrojov energie a energetickej účinnosti.</p>
<p>[/vc_column_text][/vc_column_inner][vc_column_inner width=&#8220;1/6&#8243;][/vc_column_inner][/vc_row_inner][/vc_column][/vc_row][vc_row][vc_column][vc_empty_space height=&#8220;80px&#8220;][/vc_column][/vc_row][vc_row gap=&#8220;0&#8243; equal_height=&#8220;yes&#8220;][vc_column width=&#8220;1/2&#8243; align=&#8220;text-center&#8220; css=&#8220;.vc_custom_1701864169981{padding-right: 40px !important;padding-left: 40px !important;background-color: #f2f2f2 !important;}&#8220;][vc_empty_space height=&#8220;100px&#8220;][vc_column_text]</p>
<h2 style="text-align: center;">Priekopníci obnoviteľnej energie</h2>
<p style="text-align: center;">Tieto tri obce boli priekopníkmi a priekopníčkami v regióne Römerland-Carnuntum, ktorý začal podnikať kroky smerom k energetickej nezávislosti založenej na obnoviteľných zdrojoch energie už v 90. rokoch 20. storočia. Všetky tri obce majú veľký počet rôznych zariadení na výrobu energie z obnoviteľných zdrojov a spája ich aj vysoký podiel poľnohospodárstva (vinohradníci) a Arbesthalské vrchy. </p>
<p>[/vc_column_text][vc_empty_space height=&#8220;30px&#8220;][vc_btn title=&#8220;KEM Energy³&#8220; style=&#8220;flat&#8220; color=&#8220;danger&#8220; link=&#8220;url:https%3A%2F%2Fwww.energiepark.at%2Fsk%2Fstrana-kem-energy%25c2%25b3%2Fregion%2F%3Fpreview%3Dtrue|&#8220;][vc_empty_space height=&#8220;100px&#8220;][/vc_column][vc_column width=&#8220;1/2&#8243; css=&#8220;.vc_custom_1710418514850{background-image: url(https://www.energiepark.at/wp-content/uploads/2024/03/IMG_6471_Web.jpg?id=3964) !important;background-position: center !important;background-repeat: no-repeat !important;background-size: cover !important;}&#8220;][/vc_column][/vc_row][vc_row gap=&#8220;0&#8243; equal_height=&#8220;yes&#8220;][vc_column width=&#8220;1/2&#8243; css=&#8220;.vc_custom_1710421474137{background-image: url(https://www.energiepark.at/wp-content/uploads/2024/03/Bildschirmfoto-2019-12-20-um-09.53.44.png?id=3952) !important;background-position: center !important;background-repeat: no-repeat !important;background-size: cover !important;}&#8220;][/vc_column][vc_column width=&#8220;1/2&#8243; align=&#8220;text-center&#8220; css=&#8220;.vc_custom_1701864169981{padding-right: 40px !important;padding-left: 40px !important;background-color: #f2f2f2 !important;}&#8220;][vc_empty_space height=&#8220;100px&#8220;][vc_column_text]</p>
<h2 style="text-align: center;">Novinky v KEM <span style="font-size: 24px;">Energy³</span></h2>
<p style="text-align: center;">V rámci klimaticko-energetického modelu regiónu sa konajú rôzne podujatia a kampane na rôzne témy.</p>
<p>[/vc_column_text][vc_empty_space height=&#8220;30px&#8220;][vc_btn title=&#8220;Viac informácií&#8220; style=&#8220;flat&#8220; color=&#8220;danger&#8220; link=&#8220;url:https%3A%2F%2Fwww.energiepark.at%2Fsk%2Fstrana-kem-energy%25c2%25b3%2Fnovinky-a-terminy%2F|&#8220;][vc_empty_space height=&#8220;100px&#8220;][/vc_column][/vc_row][vc_row gap=&#8220;0&#8243; equal_height=&#8220;yes&#8220;][vc_column width=&#8220;1/2&#8243; align=&#8220;text-center&#8220; css=&#8220;.vc_custom_1701864169981{padding-right: 40px !important;padding-left: 40px !important;background-color: #f2f2f2 !important;}&#8220;][vc_empty_space height=&#8220;100px&#8220;][vc_column_text]</p>
<h2 style="text-align: center;">Koncepcia a ciele</h2>
<p style="text-align: center;">Cieľom je byť priekopníkom a podniknúť udržateľné kroky smerom k úplnej energetickej nezávislosti založenej na regionálne dostupných zdrojoch (&#8222;obnoviteľné zdroje&#8220;).</p>
<p>[/vc_column_text][vc_empty_space height=&#8220;30px&#8220;][vc_btn title=&#8220;O plánovaných opatreniach a koncepciách&#8220; style=&#8220;flat&#8220; color=&#8220;danger&#8220; link=&#8220;url:https%3A%2F%2Fwww.energiepark.at%2Fsk%2Fstrana-kem-energy%25c2%25b3%2Fkoncepcia-a-ciele%2F|&#8220;][vc_empty_space height=&#8220;100px&#8220;][/vc_column][vc_column width=&#8220;1/2&#8243; css=&#8220;.vc_custom_1710848169535{background-image: url(https://www.energiepark.at/wp-content/uploads/2024/03/PV-1.jpg?id=3970) !important;background-position: center !important;background-repeat: no-repeat !important;background-size: cover !important;}&#8220;][/vc_column][/vc_row][vc_row gap=&#8220;0&#8243; equal_height=&#8220;yes&#8220;][vc_column width=&#8220;1/2&#8243; css=&#8220;.vc_custom_1710848212644{background-image: url(https://www.energiepark.at/wp-content/uploads/2024/03/IMG_6447_Web.jpg?id=3961) !important;background-position: center !important;background-repeat: no-repeat !important;background-size: cover !important;}&#8220;][/vc_column][vc_column width=&#8220;1/2&#8243; align=&#8220;text-center&#8220; css=&#8220;.vc_custom_1701864169981{padding-right: 40px !important;padding-left: 40px !important;background-color: #f2f2f2 !important;}&#8220;][vc_empty_space height=&#8220;100px&#8220;][vc_column_text]</p>
<h2 style="text-align: center;">Tím KEM Energie³</h2>
<p style="text-align: center;">Základný tím spoločnosti KEM Energie³ tvoria starostovia</p>
<p style="text-align: center;">Gerhard Weil (Bruck/Leitha), Franz Glock (Göttlesbrunn-Arbesthal) a Otto Auer (Höflein)</p>
<p>Mesto Bruck/Leitha je podpornou obcou projektu.[/vc_column_text][vc_empty_space height=&#8220;30px&#8220;][vc_btn title=&#8220;Koordinácia &#8211; organizátor projektu&#8220; style=&#8220;flat&#8220; color=&#8220;danger&#8220; link=&#8220;url:https%3A%2F%2Fwww.bruckleitha.at%2F|&#8220;][vc_empty_space height=&#8220;100px&#8220;][/vc_column][/vc_row][vc_row][vc_column][vc_empty_space height=&#8220;80px&#8220;][/vc_column][/vc_row][vc_row][vc_column][vc_row_inner][vc_column_inner width=&#8220;1/6&#8243;][/vc_column_inner][vc_column_inner width=&#8220;2/3&#8243;][vc_column_text]</p>
<h1 style="text-align: center;">Najnovšie správy od spoločnosti KEM Energy<em><sup>3</sup></em></h1>
<p>[/vc_column_text][vc_empty_space height=&#8220;10px&#8220;][vc_column_text][/vc_column_text][/vc_column_inner][vc_column_inner width=&#8220;1/6&#8243;][/vc_column_inner][/vc_row_inner][/vc_column][/vc_row][vc_row][vc_column][vc_empty_space height=&#8220;30px&#8220;][/vc_column][/vc_row][vc_row][vc_column][vc_basic_grid post_type=&#8220;post&#8220; max_items=&#8220;3&#8243; item=&#8220;1149&#8243; grid_id=&#8220;vc_gid:1731503397558-95ef674f-9a0c-2&#8243; taxonomies=&#8220;37&#8243;][/vc_column][/vc_row]</p>
</section>
