{"id":2671,"date":"2023-12-11T05:25:10","date_gmt":"2023-12-11T04:25:10","guid":{"rendered":"https:\/\/www.energiepark.at\/strana-lanzendorf-plus\/"},"modified":"2026-03-03T15:41:35","modified_gmt":"2026-03-03T14:41:35","slug":"strana-lanzendorf-plus","status":"publish","type":"page","link":"https:\/\/www.energiepark.at\/sk\/strana-lanzendorf-plus\/","title":{"rendered":"CLEAR! Lanzendorf+"},"content":{"rendered":"<section class=\"wpb-content-wrapper\"><p>[vc_row bg_position=&#8220;center bottom&#8220; css=&#8220;.vc_custom_1709803963892{background-image: url(https:\/\/www.energiepark.at\/wp-content\/uploads\/2024\/03\/1_Regionsbild_@-Silvia-Krispel-002-1-scaled.jpg?id=3666) !important;background-position: center !important;background-repeat: no-repeat !important;background-size: cover !important;}&#8220;][vc_column][vc_empty_space height=&#8220;800px&#8220;][\/vc_column][\/vc_row][vc_row][vc_column][vc_empty_space height=&#8220;80px&#8220;][\/vc_column][\/vc_row][vc_row][vc_column][vc_row_inner][vc_column_inner width=&#8220;1\/6&#8243;][\/vc_column_inner][vc_column_inner width=&#8220;2\/3&#8243;][vc_column_text]<\/p>\n<h1 style=\"text-align: center;\">CLEAR! Lanzendorf+<\/h1>\n<p>[\/vc_column_text][vc_empty_space height=&#8220;10px&#8220;][vc_column_text]<\/p>\n<p style=\"text-align: center;\">&#8222;Mal\u00e1 plocha, ve\u013ek\u00fd vplyv&#8220; je mottom regi\u00f3nu KLAR! Obce Lanzendorf, Maria Lanzendorf a Zw\u00f6lfaxing spolo\u010dne \u010delia v\u00fdzvam klimatick\u00fdch zmien.<\/p>\n<p>[\/vc_column_text][\/vc_column_inner][vc_column_inner width=&#8220;1\/6&#8243;][\/vc_column_inner][\/vc_row_inner][\/vc_column][\/vc_row][vc_row][vc_column][vc_empty_space height=&#8220;80px&#8220;][\/vc_column][\/vc_row][vc_row gap=&#8220;0&#8243; equal_height=&#8220;yes&#8220;][vc_column width=&#8220;1\/2&#8243; align=&#8220;text-center&#8220; css=&#8220;.vc_custom_1701864169981{padding-right: 40px !important;padding-left: 40px !important;background-color: #f2f2f2 !important;}&#8220;][vc_empty_space height=&#8220;100px&#8220;][vc_column_text]<\/p>\n<h2 style=\"text-align: center;\">Ukazujeme, ako funguje \u0161etrnos\u0165 ku kl\u00edme!<\/h2>\n<p style=\"text-align: center;\">Pomerne mal\u00e9 obce Lanzendorf, Maria Lanzendorf a Zw\u00f6lfaxing s\u00fa obklopen\u00e9 ve\u013ek\u00fdmi mestami, ako s\u00fa Viede\u0148, Schwechat a Himberg. KLAR! Spolo\u010dnos\u0165 Lanzendorf+ chce zohr\u00e1va\u0165 priekopn\u00edcku \u00falohu v oblasti adapt\u00e1cie na zmenu kl\u00edmy a rozv\u00edja\u0165 pozit\u00edvny vonkaj\u0161\u00ed vplyv.<\/p>\n<p>[\/vc_column_text][vc_empty_space height=&#8220;30px&#8220;][vc_btn title=&#8220;KLAR! Lanzendorf+&#8220; style=&#8220;flat&#8220; color=&#8220;green&#8220; link=&#8220;url:https%3A%2F%2Fwww.energiepark.at%2Fsk%2Fstrana-lanzendorf-plus%2Fregion-2%2F|&#8220;][vc_empty_space height=&#8220;100px&#8220;][\/vc_column][vc_column width=&#8220;1\/2&#8243; css=&#8220;.vc_custom_1709819033686{background-image: url(https:\/\/www.energiepark.at\/wp-content\/uploads\/2024\/03\/Aufnahme-Aspangbahntrasse-ueber-den-Feldern_Krispel-scaled.jpg?id=3762) !important;background-position: center !important;background-repeat: no-repeat !important;background-size: cover !important;}&#8220;][\/vc_column][\/vc_row][vc_row gap=&#8220;0&#8243; equal_height=&#8220;yes&#8220;][vc_column width=&#8220;1\/2&#8243; css=&#8220;.vc_custom_1709896092593{background-image: url(https:\/\/www.energiepark.at\/wp-content\/uploads\/2024\/03\/20240223_083052-scaled.jpg?id=3856) !important;background-position: center !important;background-repeat: no-repeat !important;background-size: cover !important;}&#8220;][\/vc_column][vc_column width=&#8220;1\/2&#8243; align=&#8220;text-center&#8220; css=&#8220;.vc_custom_1701864169981{padding-right: 40px !important;padding-left: 40px !important;background-color: #f2f2f2 !important;}&#8220;][vc_empty_space height=&#8220;100px&#8220;][vc_column_text]<\/p>\n<h2 style=\"text-align: center;\">Novinky v KLAR! Lanzendorf+<\/h2>\n<p style=\"text-align: center;\">KLAR! Spolo\u010dnos\u0165 Lanzendorf+ organizuje prebiehaj\u00face podujatia a kampane na r\u00f4zne t\u00e9my s\u00favisiace s adapt\u00e1ciou na zmenu kl\u00edmy.<\/p>\n<p>[\/vc_column_text][vc_empty_space height=&#8220;30px&#8220;][vc_btn title=&#8220;Viac inform\u00e1ci\u00ed&#8220; style=&#8220;flat&#8220; color=&#8220;green&#8220; link=&#8220;url:https%3A%2F%2Fwww.energiepark.at%2Fsk%2Fstrana-lanzendorf-plus%2Fnovinky-a-terminy%2F|&#8220;][vc_empty_space height=&#8220;100px&#8220;][\/vc_column][\/vc_row][vc_row gap=&#8220;0&#8243; equal_height=&#8220;yes&#8220;][vc_column width=&#8220;1\/2&#8243; align=&#8220;text-center&#8220; css=&#8220;.vc_custom_1701864169981{padding-right: 40px !important;padding-left: 40px !important;background-color: #f2f2f2 !important;}&#8220;][vc_empty_space height=&#8220;100px&#8220;][vc_column_text]<\/p>\n<h2 style=\"text-align: center;\">Koncepcia a ciele<\/h2>\n<p style=\"text-align: center;\">V z\u00e1ujme zachovania vynikaj\u00facej kvality \u017eivota v regi\u00f3ne KLAR! Lanzendorf+ realizuje desa\u0165 opatren\u00ed. Zvy\u0161uj\u00fa povedomie o v\u00fdzvach s\u00favisiacich so zmenou kl\u00edmy, ako s\u00fa rast\u00face hor\u00fa\u010davy, nedostatok vody a extr\u00e9mne po\u010dasie.  <\/p>\n<p>Komunity, obyvatelia, zdru\u017eenia, \u0161koly, \u0161k\u00f4lky a podniky dostan\u00fa n\u00e1stroje, ktor\u00e9 potrebuj\u00fa na to, aby sa stali akt\u00edvnymi vo svojej sf\u00e9re vplyvu.[\/vc_column_text][vc_empty_space height=&#8220;30px&#8220;][vc_btn title=&#8220;O pl\u00e1novan\u00fdch opatreniach a koncepci\u00e1ch&#8220; style=&#8220;flat&#8220; color=&#8220;green&#8220; link=&#8220;url:https%3A%2F%2Fwww.energiepark.at%2Fsk%2Fstrana-lanzendorf-plus%2Fkoncepcia-a-ciele-2%2F|&#8220;][vc_empty_space height=&#8220;100px&#8220;][\/vc_column][vc_column width=&#8220;1\/2&#8243; css=&#8220;.vc_custom_1709896039248{background-image: url(https:\/\/www.energiepark.at\/wp-content\/uploads\/2024\/03\/Lanzendorf_3_ENU-scaled.jpg?id=3771) !important;background-position: center !important;background-repeat: no-repeat !important;background-size: cover !important;}&#8220;][\/vc_column][\/vc_row][vc_row gap=&#8220;0&#8243; equal_height=&#8220;yes&#8220;][vc_column width=&#8220;1\/2&#8243; css=&#8220;.vc_custom_1715154824177{background-image: url(https:\/\/www.energiepark.at\/wp-content\/uploads\/2024\/05\/IMG-20240507-WA0000.jpg?id=5078) !important;background-position: center !important;background-repeat: no-repeat !important;background-size: cover !important;}&#8220;][\/vc_column][vc_column width=&#8220;1\/2&#8243; align=&#8220;text-center&#8220; css=&#8220;.vc_custom_1701864169981{padding-right: 40px !important;padding-left: 40px !important;background-color: #f2f2f2 !important;}&#8220;][vc_empty_space height=&#8220;100px&#8220;][vc_column_text]<\/p>\n<h2 style=\"text-align: center;\">KLAR! Lanzendorf+<\/h2>\n<p style=\"text-align: center;\">Z\u00e1kladn\u00fd t\u00edm KLAR! Lanzendorf+ tvoria starostovia Silvia Krispel (Lanzendorf), Michael Lippl (Maria Lanzendorf, nie je na fotografii), Walter Buxkandl (Zw\u00f6lfaxing), radn\u00ed pre \u017eivotn\u00e9 prostredie Heinz Blocher (Lanzendorf), Christoph Lampert (Maria Lanzendorf) a z\u00e1stupca starostu Zw\u00f6lfaxingu Sebastian Zell.<\/p>\n<p>[\/vc_column_text][vc_empty_space height=&#8220;30px&#8220;][vc_btn title=&#8220;Koordin\u00e1cia &#8211; organiz\u00e1tor projektu&#8220; style=&#8220;flat&#8220; color=&#8220;green&#8220; link=&#8220;url:https%3A%2F%2Fwww.lanzendorf.at%2F|&#8220;][vc_empty_space height=&#8220;100px&#8220;][\/vc_column][\/vc_row][vc_row][vc_column][vc_empty_space height=&#8220;80px&#8220;][\/vc_column][\/vc_row][vc_row][vc_column][vc_row_inner][vc_column_inner width=&#8220;1\/6&#8243;][\/vc_column_inner][vc_column_inner width=&#8220;2\/3&#8243;][vc_column_text]<\/p>\n<h1 style=\"text-align: center;\">Aktu\u00e1lne inform\u00e1cie z KLAR! Lanzendorf+<\/h1>\n<p>[\/vc_column_text][vc_empty_space height=&#8220;10px&#8220;][vc_column_text][\/vc_column_text][\/vc_column_inner][vc_column_inner width=&#8220;1\/6&#8243;][\/vc_column_inner][\/vc_row_inner][\/vc_column][\/vc_row][vc_row][vc_column][vc_empty_space height=&#8220;30px&#8220;][\/vc_column][\/vc_row][vc_row][vc_column][vc_basic_grid post_type=&#8220;post&#8220; max_items=&#8220;50&#8243; style=&#8220;load-more&#8220; items_per_page=&#8220;12&#8243; item=&#8220;1149&#8243; grid_id=&#8220;vc_gid:1731930075132-0c4a744c-7a06-7&#8243; taxonomies=&#8220;36&#8243;][\/vc_column][\/vc_row][vc_row][vc_column][vc_empty_space][\/vc_column][\/vc_row][vc_row][vc_column el_id=&#8220;https:\/\/www.energiepark.at\/lanzendorfplus\/aktuelles-und-termine\/?preview_id=2678&amp;preview_nonce=72197073c0&amp;_thumbnail_id=-1&amp;preview=true&#8220;][vc_btn title=&#8220;Novinky z KLAR! Lanzendorf+&#8220;][\/vc_column][\/vc_row]<\/p>\n<\/section>","protected":false},"excerpt":{"rendered":"<p>[vc_row bg_position=&#8220;center bottom&#8220; css=&#8220;.vc_custom_1709803963892{background-image: url(https:\/\/www.energiepark.at\/wp-content\/uploads\/2024\/03\/1_Regionsbild_@-Silvia-Krispel-002-1-scaled.jpg?id=3666) !important;background-position: center !important;background-repeat: no-repeat !important;background-size: cover !important;}&#8220;][vc_column][vc_empty_space height=&#8220;800px&#8220;][\/vc_column][\/vc_row][vc_row][vc_column][vc_empty_space height=&#8220;80px&#8220;][\/vc_column][\/vc_row][vc_row][vc_column][vc_row_inner][vc_column_inner width=&#8220;1\/6&#8243;][\/vc_column_inner][vc_column_inner&#8230;<\/p>\n","protected":false},"author":1,"featured_media":0,"parent":0,"menu_order":0,"comment_status":"closed","ping_status":"closed","template":"","meta":{"_acf_changed":false,"inline_featured_image":false,"footnotes":""},"class_list":["post-2671","page","type-page","status-publish","hentry"],"acf":[],"_links":{"self":[{"href":"https:\/\/www.energiepark.at\/sk\/wp-json\/wp\/v2\/pages\/2671","targetHints":{"allow":["GET"]}}],"collection":[{"href":"https:\/\/www.energiepark.at\/sk\/wp-json\/wp\/v2\/pages"}],"about":[{"href":"https:\/\/www.energiepark.at\/sk\/wp-json\/wp\/v2\/types\/page"}],"author":[{"embeddable":true,"href":"https:\/\/www.energiepark.at\/sk\/wp-json\/wp\/v2\/users\/1"}],"replies":[{"embeddable":true,"href":"https:\/\/www.energiepark.at\/sk\/wp-json\/wp\/v2\/comments?post=2671"}],"version-history":[{"count":21,"href":"https:\/\/www.energiepark.at\/sk\/wp-json\/wp\/v2\/pages\/2671\/revisions"}],"predecessor-version":[{"id":9663,"href":"https:\/\/www.energiepark.at\/sk\/wp-json\/wp\/v2\/pages\/2671\/revisions\/9663"}],"wp:attachment":[{"href":"https:\/\/www.energiepark.at\/sk\/wp-json\/wp\/v2\/media?parent=2671"}],"curies":[{"name":"wp","href":"https:\/\/api.w.org\/{rel}","templated":true}]}}

<section class="wpb-content-wrapper"><p>[vc_row bg_position=&#8220;center bottom&#8220; css=&#8220;.vc_custom_1709803963892{background-image: url(https://www.energiepark.at/wp-content/uploads/2024/03/1_Regionsbild_@-Silvia-Krispel-002-1-scaled.jpg?id=3666) !important;background-position: center !important;background-repeat: no-repeat !important;background-size: cover !important;}&#8220;][vc_column][vc_empty_space height=&#8220;800px&#8220;][/vc_column][/vc_row][vc_row][vc_column][vc_empty_space height=&#8220;80px&#8220;][/vc_column][/vc_row][vc_row][vc_column][vc_row_inner][vc_column_inner width=&#8220;1/6&#8243;][/vc_column_inner][vc_column_inner width=&#8220;2/3&#8243;][vc_column_text]</p>
<h1 style="text-align: center;">CLEAR! Lanzendorf+</h1>
<p>[/vc_column_text][vc_empty_space height=&#8220;10px&#8220;][vc_column_text]</p>
<p style="text-align: center;">&#8222;Malá plocha, veľký vplyv&#8220; je mottom regiónu KLAR! Obce Lanzendorf, Maria Lanzendorf a Zwölfaxing spoločne čelia výzvam klimatických zmien.</p>
<p>[/vc_column_text][/vc_column_inner][vc_column_inner width=&#8220;1/6&#8243;][/vc_column_inner][/vc_row_inner][/vc_column][/vc_row][vc_row][vc_column][vc_empty_space height=&#8220;80px&#8220;][/vc_column][/vc_row][vc_row gap=&#8220;0&#8243; equal_height=&#8220;yes&#8220;][vc_column width=&#8220;1/2&#8243; align=&#8220;text-center&#8220; css=&#8220;.vc_custom_1701864169981{padding-right: 40px !important;padding-left: 40px !important;background-color: #f2f2f2 !important;}&#8220;][vc_empty_space height=&#8220;100px&#8220;][vc_column_text]</p>
<h2 style="text-align: center;">Ukazujeme, ako funguje šetrnosť ku klíme!</h2>
<p style="text-align: center;">Pomerne malé obce Lanzendorf, Maria Lanzendorf a Zwölfaxing sú obklopené veľkými mestami, ako sú Viedeň, Schwechat a Himberg. KLAR! Spoločnosť Lanzendorf+ chce zohrávať priekopnícku úlohu v oblasti adaptácie na zmenu klímy a rozvíjať pozitívny vonkajší vplyv.</p>
<p>[/vc_column_text][vc_empty_space height=&#8220;30px&#8220;][vc_btn title=&#8220;KLAR! Lanzendorf+&#8220; style=&#8220;flat&#8220; color=&#8220;green&#8220; link=&#8220;url:https%3A%2F%2Fwww.energiepark.at%2Fsk%2Fstrana-lanzendorf-plus%2Fregion-2%2F|&#8220;][vc_empty_space height=&#8220;100px&#8220;][/vc_column][vc_column width=&#8220;1/2&#8243; css=&#8220;.vc_custom_1709819033686{background-image: url(https://www.energiepark.at/wp-content/uploads/2024/03/Aufnahme-Aspangbahntrasse-ueber-den-Feldern_Krispel-scaled.jpg?id=3762) !important;background-position: center !important;background-repeat: no-repeat !important;background-size: cover !important;}&#8220;][/vc_column][/vc_row][vc_row gap=&#8220;0&#8243; equal_height=&#8220;yes&#8220;][vc_column width=&#8220;1/2&#8243; css=&#8220;.vc_custom_1709896092593{background-image: url(https://www.energiepark.at/wp-content/uploads/2024/03/20240223_083052-scaled.jpg?id=3856) !important;background-position: center !important;background-repeat: no-repeat !important;background-size: cover !important;}&#8220;][/vc_column][vc_column width=&#8220;1/2&#8243; align=&#8220;text-center&#8220; css=&#8220;.vc_custom_1701864169981{padding-right: 40px !important;padding-left: 40px !important;background-color: #f2f2f2 !important;}&#8220;][vc_empty_space height=&#8220;100px&#8220;][vc_column_text]</p>
<h2 style="text-align: center;">Novinky v KLAR! Lanzendorf+</h2>
<p style="text-align: center;">KLAR! Spoločnosť Lanzendorf+ organizuje prebiehajúce podujatia a kampane na rôzne témy súvisiace s adaptáciou na zmenu klímy.</p>
<p>[/vc_column_text][vc_empty_space height=&#8220;30px&#8220;][vc_btn title=&#8220;Viac informácií&#8220; style=&#8220;flat&#8220; color=&#8220;green&#8220; link=&#8220;url:https%3A%2F%2Fwww.energiepark.at%2Fsk%2Fstrana-lanzendorf-plus%2Fnovinky-a-terminy%2F|&#8220;][vc_empty_space height=&#8220;100px&#8220;][/vc_column][/vc_row][vc_row gap=&#8220;0&#8243; equal_height=&#8220;yes&#8220;][vc_column width=&#8220;1/2&#8243; align=&#8220;text-center&#8220; css=&#8220;.vc_custom_1701864169981{padding-right: 40px !important;padding-left: 40px !important;background-color: #f2f2f2 !important;}&#8220;][vc_empty_space height=&#8220;100px&#8220;][vc_column_text]</p>
<h2 style="text-align: center;">Koncepcia a ciele</h2>
<p style="text-align: center;">V záujme zachovania vynikajúcej kvality života v regióne KLAR! Lanzendorf+ realizuje desať opatrení. Zvyšujú povedomie o výzvach súvisiacich so zmenou klímy, ako sú rastúce horúčavy, nedostatok vody a extrémne počasie.  </p>
<p>Komunity, obyvatelia, združenia, školy, škôlky a podniky dostanú nástroje, ktoré potrebujú na to, aby sa stali aktívnymi vo svojej sfére vplyvu.[/vc_column_text][vc_empty_space height=&#8220;30px&#8220;][vc_btn title=&#8220;O plánovaných opatreniach a koncepciách&#8220; style=&#8220;flat&#8220; color=&#8220;green&#8220; link=&#8220;url:https%3A%2F%2Fwww.energiepark.at%2Fsk%2Fstrana-lanzendorf-plus%2Fkoncepcia-a-ciele-2%2F|&#8220;][vc_empty_space height=&#8220;100px&#8220;][/vc_column][vc_column width=&#8220;1/2&#8243; css=&#8220;.vc_custom_1709896039248{background-image: url(https://www.energiepark.at/wp-content/uploads/2024/03/Lanzendorf_3_ENU-scaled.jpg?id=3771) !important;background-position: center !important;background-repeat: no-repeat !important;background-size: cover !important;}&#8220;][/vc_column][/vc_row][vc_row gap=&#8220;0&#8243; equal_height=&#8220;yes&#8220;][vc_column width=&#8220;1/2&#8243; css=&#8220;.vc_custom_1715154824177{background-image: url(https://www.energiepark.at/wp-content/uploads/2024/05/IMG-20240507-WA0000.jpg?id=5078) !important;background-position: center !important;background-repeat: no-repeat !important;background-size: cover !important;}&#8220;][/vc_column][vc_column width=&#8220;1/2&#8243; align=&#8220;text-center&#8220; css=&#8220;.vc_custom_1701864169981{padding-right: 40px !important;padding-left: 40px !important;background-color: #f2f2f2 !important;}&#8220;][vc_empty_space height=&#8220;100px&#8220;][vc_column_text]</p>
<h2 style="text-align: center;">KLAR! Lanzendorf+</h2>
<p style="text-align: center;">Základný tím KLAR! Lanzendorf+ tvoria starostovia Silvia Krispel (Lanzendorf), Michael Lippl (Maria Lanzendorf, nie je na fotografii), Walter Buxkandl (Zwölfaxing), radní pre životné prostredie Heinz Blocher (Lanzendorf), Christoph Lampert (Maria Lanzendorf) a zástupca starostu Zwölfaxingu Sebastian Zell.</p>
<p>[/vc_column_text][vc_empty_space height=&#8220;30px&#8220;][vc_btn title=&#8220;Koordinácia &#8211; organizátor projektu&#8220; style=&#8220;flat&#8220; color=&#8220;green&#8220; link=&#8220;url:https%3A%2F%2Fwww.lanzendorf.at%2F|&#8220;][vc_empty_space height=&#8220;100px&#8220;][/vc_column][/vc_row][vc_row][vc_column][vc_empty_space height=&#8220;80px&#8220;][/vc_column][/vc_row][vc_row][vc_column][vc_row_inner][vc_column_inner width=&#8220;1/6&#8243;][/vc_column_inner][vc_column_inner width=&#8220;2/3&#8243;][vc_column_text]</p>
<h1 style="text-align: center;">Aktuálne informácie z KLAR! Lanzendorf+</h1>
<p>[/vc_column_text][vc_empty_space height=&#8220;10px&#8220;][vc_column_text][/vc_column_text][/vc_column_inner][vc_column_inner width=&#8220;1/6&#8243;][/vc_column_inner][/vc_row_inner][/vc_column][/vc_row][vc_row][vc_column][vc_empty_space height=&#8220;30px&#8220;][/vc_column][/vc_row][vc_row][vc_column][vc_basic_grid post_type=&#8220;post&#8220; max_items=&#8220;50&#8243; style=&#8220;load-more&#8220; items_per_page=&#8220;12&#8243; item=&#8220;1149&#8243; grid_id=&#8220;vc_gid:1731930075132-0c4a744c-7a06-7&#8243; taxonomies=&#8220;36&#8243;][/vc_column][/vc_row][vc_row][vc_column][vc_empty_space][/vc_column][/vc_row][vc_row][vc_column el_id=&#8220;https://www.energiepark.at/lanzendorfplus/aktuelles-und-termine/?preview_id=2678&amp;preview_nonce=72197073c0&amp;_thumbnail_id=-1&amp;preview=true&#8220;][vc_btn title=&#8220;Novinky z KLAR! Lanzendorf+&#8220;][/vc_column][/vc_row]</p>
</section>
