{"id":2691,"date":"2023-12-11T05:28:11","date_gmt":"2023-12-11T05:28:11","guid":{"rendered":"https:\/\/www.energiepark.at\/kem-carnuntum\/region-2\/"},"modified":"2026-03-03T16:38:50","modified_gmt":"2026-03-03T15:38:50","slug":"region-2","status":"publish","type":"page","link":"https:\/\/www.energiepark.at\/sk\/strana-lanzendorf-plus\/region-2\/","title":{"rendered":"Regi\u00f3n"},"content":{"rendered":"<section class=\"wpb-content-wrapper\"><p>[vc_row][vc_column][vc_empty_space height=&#8220;170px&#8220;][\/vc_column][\/vc_row][vc_row][vc_column][vc_column_text]<\/p>\n<h2 style=\"text-align: center;\">Regi\u00f3n<\/h2>\n<p>[\/vc_column_text][vc_empty_space height=&#8220;20px&#8220;][vc_column_text]<\/p>\n<p style=\"text-align: center;\">Obce KLAR! Lanzendorf+<\/p>\n<p>[\/vc_column_text][\/vc_column][\/vc_row][vc_row][vc_column][vc_empty_space height=&#8220;60px&#8220;][\/vc_column][\/vc_row][vc_row gap=&#8220;25&#8243;][vc_column width=&#8220;1\/2&#8243;][vc_empty_space][vc_column_text]<\/p>\n<h2>Obec Lanzendorf<\/h2>\n<p>[\/vc_column_text][vc_empty_space][vc_column_text]Obec Lanzendorf hrani\u010d\u00ed priamo s obcou Schwechat a m\u00e1 rozlohu 4,54 km2. Obec sa del\u00ed na katastr\u00e1lne obce Oberlanzendorf a Unterlanzendorf. <\/p>\n<p>Brehy rieky Schwechat s Lanzendorfer Au s\u00fa ob\u013e\u00fabenou rekrea\u010dnou oblas\u0165ou. V obci sa nach\u00e1dza aj n\u00e1u\u010dn\u00fd chodn\u00edk o hmyze, ktor\u00fd vysvet\u013euje v\u00fdznam drobn\u00fdch \u017eivo\u010d\u00edchov pre biodiverzitu a po\u013enohospod\u00e1rstvo. <\/p>\n<p>Medzi pamiatky obce patr\u00ed b\u00fdval\u00fd mlyn zo 16. storo\u010dia, ktor\u00fd sa nach\u00e1dza v obci Unterlanzendorf. V b\u00fdvalom z\u00e1mku v Oberlanzendorfe sa v s\u00fa\u010dasnosti nach\u00e1dza opatrovate\u013esk\u00e9 centrum Caritas.[\/vc_column_text][\/vc_column][vc_column width=&#8220;1\/2&#8243;][vc_single_image image=&#8220;3761&#8243; img_size=&#8220;full&#8220;][\/vc_column][\/vc_row][vc_row][vc_column][vc_empty_space height=&#8220;60px&#8220;][\/vc_column][\/vc_row][vc_row gap=&#8220;25&#8243;][vc_column width=&#8220;1\/2&#8243;][vc_single_image image=&#8220;4084&#8243; img_size=&#8220;full&#8220;][\/vc_column][vc_column width=&#8220;1\/2&#8243;][vc_empty_space][vc_column_text]<\/p>\n<h2>Maria Lanzendorf<\/h2>\n<p>[\/vc_column_text][vc_empty_space][vc_column_text]Obec Maria Lanzendorf s rozlohou 169 hekt\u00e1rov hrani\u010d\u00ed priamo s obcou Lanzendorf. Na \u00fazem\u00ed obce sa do Schwechatu vlieva rieka Petersbach a obcou pretek\u00e1 aj rie\u010dka Wiener Neust\u00e4dter Kanal. <\/p>\n<p>M\u00e1ria Lanzendorf je zn\u00e1ma farsk\u00fdm a p\u00fatnick\u00fdm kostolom Bolestnej Matky Bo\u017eej. Prv\u00fdkr\u00e1t sa spom\u00edna v listine z roku 1145 ako &#8222;Kirche Maria auf der Heyd&#8220;. Kalv\u00e1ria, umel\u00fd kopec, bola postaven\u00e1 o viac ako 500 rokov nesk\u00f4r.  <\/p>\n<p>Priamo cez Maria Lanzendorf vedie ob\u013e\u00faben\u00e1 cyklotrasa &#8222;Weg der Ziegelbarone&#8220; na juhov\u00fdchode Viedne.[\/vc_column_text][\/vc_column][\/vc_row][vc_row][vc_column][vc_empty_space height=&#8220;60px&#8220;][\/vc_column][\/vc_row][vc_row gap=&#8220;25&#8243;][vc_column width=&#8220;1\/2&#8243;][vc_empty_space][vc_column_text]<\/p>\n<h2>Zw\u00f6lfaxing<\/h2>\n<p>[\/vc_column_text][vc_empty_space][vc_column_text]Zw\u00f6lfaxing je s rozlohou 6,76 km2 najv\u00e4\u010d\u0161ou obcou v KLAR! Lanzendorf+. Obcou pretekaj\u00fa rieky Kalter Gang, Schwechat a Mitterbach.  <\/p>\n<p>Protipovod\u0148ov\u00e9 hr\u00e1dze pozd\u013a\u017e rieky Schwechat, dokon\u010den\u00e9 v roku 2022, nielen\u017ee chr\u00e1nia mesto pred povod\u0148ami, ale s\u00fa aj ob\u013e\u00fabenou miestnou rekrea\u010dnou oblas\u0165ou. Ve\u013emi ob\u013e\u00faben\u00e1 je cyklotrasa pozd\u013a\u017e potoka: Je s\u00fa\u010das\u0165ou cyklotrasy Triestingau, ktor\u00e1 vedie z Viedne a\u017e do Sch\u00f6nau an der Triesing. <\/p>\n<p>Zw\u00f6lfaxing je zn\u00e1my aj v\u010faka kas\u00e1r\u0148am Burstyn, v ktor\u00fdch kedysi s\u00eddlil obrnen\u00fd pr\u00e1por. Jednou z pamiatok v Zw\u00f6lfaxingu je st\u013ap Najsv\u00e4tej\u0161ej Trojice na ulici Himberger Stra\u00dfe.[\/vc_column_text][\/vc_column][vc_column width=&#8220;1\/2&#8243;][vc_single_image image=&#8220;4073&#8243; img_size=&#8220;full&#8220;][\/vc_column][\/vc_row]<\/p>\n<\/section>","protected":false},"excerpt":{"rendered":"<p>[vc_row][vc_column][vc_empty_space height=&#8220;170px&#8220;][\/vc_column][\/vc_row][vc_row][vc_column][vc_column_text] Regi\u00f3n [\/vc_column_text][vc_empty_space height=&#8220;20px&#8220;][vc_column_text] Obce KLAR! Lanzendorf+ [\/vc_column_text][\/vc_column][\/vc_row][vc_row][vc_column][vc_empty_space height=&#8220;60px&#8220;][\/vc_column][\/vc_row][vc_row gap=&#8220;25&#8243;][vc_column width=&#8220;1\/2&#8243;][vc_empty_space][vc_column_text] Obec Lanzendorf [\/vc_column_text][vc_empty_space][vc_column_text]Obec&#8230;<\/p>\n","protected":false},"author":1,"featured_media":0,"parent":2671,"menu_order":0,"comment_status":"closed","ping_status":"closed","template":"","meta":{"_acf_changed":false,"inline_featured_image":false,"footnotes":""},"class_list":["post-2691","page","type-page","status-publish","hentry"],"acf":[],"_links":{"self":[{"href":"https:\/\/www.energiepark.at\/sk\/wp-json\/wp\/v2\/pages\/2691","targetHints":{"allow":["GET"]}}],"collection":[{"href":"https:\/\/www.energiepark.at\/sk\/wp-json\/wp\/v2\/pages"}],"about":[{"href":"https:\/\/www.energiepark.at\/sk\/wp-json\/wp\/v2\/types\/page"}],"author":[{"embeddable":true,"href":"https:\/\/www.energiepark.at\/sk\/wp-json\/wp\/v2\/users\/1"}],"replies":[{"embeddable":true,"href":"https:\/\/www.energiepark.at\/sk\/wp-json\/wp\/v2\/comments?post=2691"}],"version-history":[{"count":6,"href":"https:\/\/www.energiepark.at\/sk\/wp-json\/wp\/v2\/pages\/2691\/revisions"}],"predecessor-version":[{"id":10546,"href":"https:\/\/www.energiepark.at\/sk\/wp-json\/wp\/v2\/pages\/2691\/revisions\/10546"}],"up":[{"embeddable":true,"href":"https:\/\/www.energiepark.at\/sk\/wp-json\/wp\/v2\/pages\/2671"}],"wp:attachment":[{"href":"https:\/\/www.energiepark.at\/sk\/wp-json\/wp\/v2\/media?parent=2691"}],"curies":[{"name":"wp","href":"https:\/\/api.w.org\/{rel}","templated":true}]}}

Región

<section class="wpb-content-wrapper"><p>[vc_row][vc_column][vc_empty_space height=&#8220;170px&#8220;][/vc_column][/vc_row][vc_row][vc_column][vc_column_text]</p>
<h2 style="text-align: center;">Región</h2>
<p>[/vc_column_text][vc_empty_space height=&#8220;20px&#8220;][vc_column_text]</p>
<p style="text-align: center;">Obce KLAR! Lanzendorf+</p>
<p>[/vc_column_text][/vc_column][/vc_row][vc_row][vc_column][vc_empty_space height=&#8220;60px&#8220;][/vc_column][/vc_row][vc_row gap=&#8220;25&#8243;][vc_column width=&#8220;1/2&#8243;][vc_empty_space][vc_column_text]</p>
<h2>Obec Lanzendorf</h2>
<p>[/vc_column_text][vc_empty_space][vc_column_text]Obec Lanzendorf hraničí priamo s obcou Schwechat a má rozlohu 4,54 km2. Obec sa delí na katastrálne obce Oberlanzendorf a Unterlanzendorf. </p>
<p>Brehy rieky Schwechat s Lanzendorfer Au sú obľúbenou rekreačnou oblasťou. V obci sa nachádza aj náučný chodník o hmyze, ktorý vysvetľuje význam drobných živočíchov pre biodiverzitu a poľnohospodárstvo. </p>
<p>Medzi pamiatky obce patrí bývalý mlyn zo 16. storočia, ktorý sa nachádza v obci Unterlanzendorf. V bývalom zámku v Oberlanzendorfe sa v súčasnosti nachádza opatrovateľské centrum Caritas.[/vc_column_text][/vc_column][vc_column width=&#8220;1/2&#8243;][vc_single_image image=&#8220;3761&#8243; img_size=&#8220;full&#8220;][/vc_column][/vc_row][vc_row][vc_column][vc_empty_space height=&#8220;60px&#8220;][/vc_column][/vc_row][vc_row gap=&#8220;25&#8243;][vc_column width=&#8220;1/2&#8243;][vc_single_image image=&#8220;4084&#8243; img_size=&#8220;full&#8220;][/vc_column][vc_column width=&#8220;1/2&#8243;][vc_empty_space][vc_column_text]</p>
<h2>Maria Lanzendorf</h2>
<p>[/vc_column_text][vc_empty_space][vc_column_text]Obec Maria Lanzendorf s rozlohou 169 hektárov hraničí priamo s obcou Lanzendorf. Na území obce sa do Schwechatu vlieva rieka Petersbach a obcou preteká aj riečka Wiener Neustädter Kanal. </p>
<p>Mária Lanzendorf je známa farským a pútnickým kostolom Bolestnej Matky Božej. Prvýkrát sa spomína v listine z roku 1145 ako &#8222;Kirche Maria auf der Heyd&#8220;. Kalvária, umelý kopec, bola postavená o viac ako 500 rokov neskôr.  </p>
<p>Priamo cez Maria Lanzendorf vedie obľúbená cyklotrasa &#8222;Weg der Ziegelbarone&#8220; na juhovýchode Viedne.[/vc_column_text][/vc_column][/vc_row][vc_row][vc_column][vc_empty_space height=&#8220;60px&#8220;][/vc_column][/vc_row][vc_row gap=&#8220;25&#8243;][vc_column width=&#8220;1/2&#8243;][vc_empty_space][vc_column_text]</p>
<h2>Zwölfaxing</h2>
<p>[/vc_column_text][vc_empty_space][vc_column_text]Zwölfaxing je s rozlohou 6,76 km2 najväčšou obcou v KLAR! Lanzendorf+. Obcou pretekajú rieky Kalter Gang, Schwechat a Mitterbach.  </p>
<p>Protipovodňové hrádze pozdĺž rieky Schwechat, dokončené v roku 2022, nielenže chránia mesto pred povodňami, ale sú aj obľúbenou miestnou rekreačnou oblasťou. Veľmi obľúbená je cyklotrasa pozdĺž potoka: Je súčasťou cyklotrasy Triestingau, ktorá vedie z Viedne až do Schönau an der Triesing. </p>
<p>Zwölfaxing je známy aj vďaka kasárňam Burstyn, v ktorých kedysi sídlil obrnený prápor. Jednou z pamiatok v Zwölfaxingu je stĺp Najsvätejšej Trojice na ulici Himberger Straße.[/vc_column_text][/vc_column][vc_column width=&#8220;1/2&#8243;][vc_single_image image=&#8220;4073&#8243; img_size=&#8220;full&#8220;][/vc_column][/vc_row]</p>
</section>

<p>[vc_row][vc_column][vc_empty_space height=&#8220;170px&#8220;][/vc_column][/vc_row][vc_row][vc_column][vc_column_text] Región [/vc_column_text][vc_empty_space height=&#8220;20px&#8220;][vc_column_text] Obce KLAR! Lanzendorf+ [/vc_column_text][/vc_column][/vc_row][vc_row][vc_column][vc_empty_space height=&#8220;60px&#8220;][/vc_column][/vc_row][vc_row gap=&#8220;25&#8243;][vc_column width=&#8220;1/2&#8243;][vc_empty_space][vc_column_text] Obec Lanzendorf [/vc_column_text][vc_empty_space][vc_column_text]Obec&#8230;</p>
