{"id":2711,"date":"2023-12-11T05:34:03","date_gmt":"2023-12-11T04:34:03","guid":{"rendered":"https:\/\/www.energiepark.at\/setpage-clear-na-lodi-leithaberge\/koncepcia-a-ciele-2\/"},"modified":"2026-03-03T15:42:44","modified_gmt":"2026-03-03T14:42:44","slug":"koncepcia-a-ciele-2","status":"publish","type":"page","link":"https:\/\/www.energiepark.at\/sk\/strana-lanzendorf-plus\/koncepcia-a-ciele-2\/","title":{"rendered":"Koncepcia a ciele"},"content":{"rendered":"<section class=\"wpb-content-wrapper\"><p>[vc_row][vc_column][vc_empty_space height=&#8220;170px&#8220;][\/vc_column][\/vc_row][vc_row][vc_column][vc_column_text]<\/p>\n<h2 style=\"text-align: center;\">Koncepcia a ciele<\/h2>\n<p>[\/vc_column_text][vc_empty_space height=&#8220;20px&#8220;][vc_column_text]<\/p>\n<p style=\"text-align: center;\">Dobre pripraven\u00e1 na v\u00fdzvy spojen\u00e9 so zmenou kl\u00edmy.<\/p>\n<p>[\/vc_column_text][\/vc_column][\/vc_row][vc_row][vc_column][vc_empty_space height=&#8220;60px&#8220;][\/vc_column][\/vc_row][vc_row gap=&#8220;25&#8243;][vc_column width=&#8220;1\/2&#8243;][vc_empty_space][vc_column_text]<\/p>\n<h2>Ciele projektu KLAR! Lanzendorf+<\/h2>\n<p>[\/vc_column_text][vc_empty_space][vc_column_text]KLAR! Lanzendorf ide dobr\u00fdm pr\u00edkladom a ukazuje, ako by\u0165 \u0161etrn\u00fd ku kl\u00edme. Spolo\u010dne s miestnym obyvate\u013estvom a s podporou \u0161pecializovan\u00fdch odborn\u00edkov pripravuje pl\u00e1ny miestneho rozvoja \u0161etrn\u00e9ho ku kl\u00edme. Pri v\u0161etk\u00fdch opatreniach sa pou\u017e\u00edva text: Na podujatiach a semin\u00e1roch prisp\u00f4soben\u00fdch r\u00f4znym cie\u013eov\u00fdm skupin\u00e1m dost\u00e1vaj\u00fa tipy a konkr\u00e9tne odpor\u00fa\u010dania na opatrenia v\u0161etci, od det\u00ed v matersk\u00fdch \u0161kol\u00e1ch a\u017e po d\u00f4chodcov. V obciach s\u00fa k dispoz\u00edcii zelen\u00e9 otvoren\u00e9 priestranstv\u00e1 \u0161etrn\u00e9 ku kl\u00edme, kde \u013eudia radi tr\u00e1via \u010das aj po\u010das hor\u00facich dn\u00ed. Obyvatelia vedia, \u010do je d\u00f4le\u017eit\u00e9, ke\u010f ide o &#8222;z\u00e1hradk\u00e1r\u010denie \u0161etrn\u00e9 ku kl\u00edme&#8220;. V obdob\u00ed sucha sa zelen\u00e9 plochy \u010doraz \u010dastej\u0161ie z\u00e1sobuj\u00fa da\u017e\u010fovou vodou, ktor\u00e1 je k dispoz\u00edcii vo vhodn\u00fdch n\u00e1dr\u017eiach. Pribli\u017ene 5 800 obyvate\u013eov obce KLAR! Lanzendorf+ vyu\u017e\u00edva podujatia, poradenstvo a workshopy na t\u00e9my adapt\u00e1cie na zmenu kl\u00edmy.  <\/p>\n<p>KLAR! Lanzendorf+ vyu\u017e\u00edva synergie a spolupracuje s Klimatickou alianciou, organiz\u00e1ciou Pr\u00edroda v z\u00e1hrade, energetick\u00fdm parkom Bruck\/Leitha, region\u00e1lnym rozvojov\u00fdm zdru\u017een\u00edm R\u00f6merland Carnuntum a \u010fal\u0161\u00edmi zainteresovan\u00fdmi stranami, aby obciam a ob\u010danom pon\u00fakol \u010do najlep\u0161ie slu\u017eby a najaktu\u00e1lnej\u0161ie inform\u00e1cie.[\/vc_column_text][\/vc_column][vc_column width=&#8220;1\/2&#8243;][vc_single_image image=&#8220;3764&#8243; img_size=&#8220;full&#8220;][\/vc_column][\/vc_row][vc_row][vc_column][vc_empty_space height=&#8220;60px&#8220;][\/vc_column][\/vc_row][vc_row gap=&#8220;25&#8243;][vc_column width=&#8220;1\/2&#8243;][vc_single_image image=&#8220;3773&#8243; img_size=&#8220;full&#8220;][\/vc_column][vc_column width=&#8220;1\/2&#8243;][vc_empty_space][vc_column_text]<\/p>\n<h2>Opatrenia KLAR! Lanzendorf+<\/h2>\n<p>[\/vc_column_text][vc_empty_space][vc_column_text]Implementa\u010dn\u00e1 f\u00e1za projektu KLAR! Lanzendorf+ by sa mala za\u010da\u0165 v m\u00e1ji 2024, pri\u010dom podujatia a aktivity s\u00fa napl\u00e1novan\u00e9 v t\u00fdchto 10 tematick\u00fdch oblastiach:  <\/p>\n<ol>\n<li>Polia a z\u00e1hrady \u0161etrn\u00e9 ku kl\u00edme<\/li>\n<li>Pre\u010d s asfaltom! Pridajte zele\u0148! <\/li>\n<li>Region\u00e1lny kolobeh vody<\/li>\n<li>Miestny rozvoj prisp\u00f4soben\u00fd zmene kl\u00edmy<\/li>\n<li>CLEAR! Text &#8211; Inform\u00e1cie o zmene kl\u00edmy pre v\u0161etk\u00fdch<\/li>\n<li>\u017divot prisp\u00f4soben\u00fd klimatick\u00fdm zmen\u00e1m<\/li>\n<li>Zelen\u00e9, zelen\u00e9, zelen\u00e9 s\u00fa v\u0161etky moje stromy<\/li>\n<li>Mobiln\u00fd telef\u00f3n v s\u00favislosti so zmenou kl\u00edmy<\/li>\n<li>Pl\u00e1n KLAR!er v pr\u00edpade n\u00fadze<\/li>\n<li>Oblasti rozmanitosti &#8211; pop-up biodiverzita<\/li>\n<\/ol>\n<p>Koncepcia implement\u00e1cie a opis opatren\u00ed sa nach\u00e1dza <a href=\"https:\/\/www.energiepark.at\/wp-content\/uploads\/2024\/09\/240903_Konzept_KLARLanzendorf.pdf\"><span style=\"color: #3366ff;\">tu<\/span><\/a> n\u00e1jdete tu.[\/vc_column_text][\/vc_column][\/vc_row][vc_row][vc_column][vc_empty_space height=&#8220;60px&#8220;][\/vc_column][\/vc_row][vc_row gap=&#8220;25&#8243;][vc_column width=&#8220;1\/2&#8243;][vc_empty_space][vc_column_text][\/vc_column_text][vc_empty_space][vc_column_text][\/vc_column_text][\/vc_column][vc_column width=&#8220;1\/2&#8243;][vc_single_image image=&#8220;3755&#8243; img_size=&#8220;full&#8220;][\/vc_column][\/vc_row]<\/p>\n<\/section>","protected":false},"excerpt":{"rendered":"<p>[vc_row][vc_column][vc_empty_space height=&#8220;170px&#8220;][\/vc_column][\/vc_row][vc_row][vc_column][vc_column_text] Koncepcia a ciele [\/vc_column_text][vc_empty_space height=&#8220;20px&#8220;][vc_column_text] Dobre pripraven\u00e1 na v\u00fdzvy spojen\u00e9 so zmenou kl\u00edmy&#8230;.<\/p>\n","protected":false},"author":1,"featured_media":0,"parent":2671,"menu_order":0,"comment_status":"closed","ping_status":"closed","template":"","meta":{"_acf_changed":false,"inline_featured_image":false,"footnotes":""},"class_list":["post-2711","page","type-page","status-publish","hentry"],"acf":[],"_links":{"self":[{"href":"https:\/\/www.energiepark.at\/sk\/wp-json\/wp\/v2\/pages\/2711","targetHints":{"allow":["GET"]}}],"collection":[{"href":"https:\/\/www.energiepark.at\/sk\/wp-json\/wp\/v2\/pages"}],"about":[{"href":"https:\/\/www.energiepark.at\/sk\/wp-json\/wp\/v2\/types\/page"}],"author":[{"embeddable":true,"href":"https:\/\/www.energiepark.at\/sk\/wp-json\/wp\/v2\/users\/1"}],"replies":[{"embeddable":true,"href":"https:\/\/www.energiepark.at\/sk\/wp-json\/wp\/v2\/comments?post=2711"}],"version-history":[{"count":6,"href":"https:\/\/www.energiepark.at\/sk\/wp-json\/wp\/v2\/pages\/2711\/revisions"}],"predecessor-version":[{"id":10024,"href":"https:\/\/www.energiepark.at\/sk\/wp-json\/wp\/v2\/pages\/2711\/revisions\/10024"}],"up":[{"embeddable":true,"href":"https:\/\/www.energiepark.at\/sk\/wp-json\/wp\/v2\/pages\/2671"}],"wp:attachment":[{"href":"https:\/\/www.energiepark.at\/sk\/wp-json\/wp\/v2\/media?parent=2711"}],"curies":[{"name":"wp","href":"https:\/\/api.w.org\/{rel}","templated":true}]}}

<section class="wpb-content-wrapper"><p>[vc_row][vc_column][vc_empty_space height=&#8220;170px&#8220;][/vc_column][/vc_row][vc_row][vc_column][vc_column_text]</p>
<h2 style="text-align: center;">Koncepcia a ciele</h2>
<p>[/vc_column_text][vc_empty_space height=&#8220;20px&#8220;][vc_column_text]</p>
<p style="text-align: center;">Dobre pripravená na výzvy spojené so zmenou klímy.</p>
<p>[/vc_column_text][/vc_column][/vc_row][vc_row][vc_column][vc_empty_space height=&#8220;60px&#8220;][/vc_column][/vc_row][vc_row gap=&#8220;25&#8243;][vc_column width=&#8220;1/2&#8243;][vc_empty_space][vc_column_text]</p>
<h2>Ciele projektu KLAR! Lanzendorf+</h2>
<p>[/vc_column_text][vc_empty_space][vc_column_text]KLAR! Lanzendorf ide dobrým príkladom a ukazuje, ako byť šetrný ku klíme. Spoločne s miestnym obyvateľstvom a s podporou špecializovaných odborníkov pripravuje plány miestneho rozvoja šetrného ku klíme. Pri všetkých opatreniach sa používa text: Na podujatiach a seminároch prispôsobených rôznym cieľovým skupinám dostávajú tipy a konkrétne odporúčania na opatrenia všetci, od detí v materských školách až po dôchodcov. V obciach sú k dispozícii zelené otvorené priestranstvá šetrné ku klíme, kde ľudia radi trávia čas aj počas horúcich dní. Obyvatelia vedia, čo je dôležité, keď ide o &#8222;záhradkárčenie šetrné ku klíme&#8220;. V období sucha sa zelené plochy čoraz častejšie zásobujú dažďovou vodou, ktorá je k dispozícii vo vhodných nádržiach. Približne 5 800 obyvateľov obce KLAR! Lanzendorf+ využíva podujatia, poradenstvo a workshopy na témy adaptácie na zmenu klímy.  </p>
<p>KLAR! Lanzendorf+ využíva synergie a spolupracuje s Klimatickou alianciou, organizáciou Príroda v záhrade, energetickým parkom Bruck/Leitha, regionálnym rozvojovým združením Römerland Carnuntum a ďalšími zainteresovanými stranami, aby obciam a občanom ponúkol čo najlepšie služby a najaktuálnejšie informácie.[/vc_column_text][/vc_column][vc_column width=&#8220;1/2&#8243;][vc_single_image image=&#8220;3764&#8243; img_size=&#8220;full&#8220;][/vc_column][/vc_row][vc_row][vc_column][vc_empty_space height=&#8220;60px&#8220;][/vc_column][/vc_row][vc_row gap=&#8220;25&#8243;][vc_column width=&#8220;1/2&#8243;][vc_single_image image=&#8220;3773&#8243; img_size=&#8220;full&#8220;][/vc_column][vc_column width=&#8220;1/2&#8243;][vc_empty_space][vc_column_text]</p>
<h2>Opatrenia KLAR! Lanzendorf+</h2>
<p>[/vc_column_text][vc_empty_space][vc_column_text]Implementačná fáza projektu KLAR! Lanzendorf+ by sa mala začať v máji 2024, pričom podujatia a aktivity sú naplánované v týchto 10 tematických oblastiach:  </p>
<ol>
<li>Polia a záhrady šetrné ku klíme</li>
<li>Preč s asfaltom! Pridajte zeleň! </li>
<li>Regionálny kolobeh vody</li>
<li>Miestny rozvoj prispôsobený zmene klímy</li>
<li>CLEAR! Text &#8211; Informácie o zmene klímy pre všetkých</li>
<li>Život prispôsobený klimatickým zmenám</li>
<li>Zelené, zelené, zelené sú všetky moje stromy</li>
<li>Mobilný telefón v súvislosti so zmenou klímy</li>
<li>Plán KLAR!er v prípade núdze</li>
<li>Oblasti rozmanitosti &#8211; pop-up biodiverzita</li>
</ol>
<p>Koncepcia implementácie a opis opatrení sa nachádza <a href="https://www.energiepark.at/wp-content/uploads/2024/09/240903_Konzept_KLARLanzendorf.pdf"><span style="color: #3366ff;">tu</span></a> nájdete tu.[/vc_column_text][/vc_column][/vc_row][vc_row][vc_column][vc_empty_space height=&#8220;60px&#8220;][/vc_column][/vc_row][vc_row gap=&#8220;25&#8243;][vc_column width=&#8220;1/2&#8243;][vc_empty_space][vc_column_text][/vc_column_text][vc_empty_space][vc_column_text][/vc_column_text][/vc_column][vc_column width=&#8220;1/2&#8243;][vc_single_image image=&#8220;3755&#8243; img_size=&#8220;full&#8220;][/vc_column][/vc_row]</p>
</section>

<p>[vc_row][vc_column][vc_empty_space height=&#8220;170px&#8220;][/vc_column][/vc_row][vc_row][vc_column][vc_column_text] Koncepcia a ciele [/vc_column_text][vc_empty_space height=&#8220;20px&#8220;][vc_column_text] Dobre pripravená na výzvy spojené so zmenou klímy&#8230;.</p>
